CRAN Package Check Results for Package MHMM

Last updated on 2022-01-17 00:48:40 CET.

Flavor Version Tinstall Tcheck Ttotal Status Flags
r-devel-linux-x86_64-debian-clang 1.0.0 62.19 74.16 136.35 OK
r-devel-linux-x86_64-debian-gcc 1.0.0 51.93 61.65 113.58 OK
r-devel-linux-x86_64-fedora-clang 1.0.0 195.08 OK
r-devel-linux-x86_64-fedora-gcc 1.0.0 183.30 OK
r-devel-windows-x86_64-new-UL 1.0.0 81.00 113.00 194.00 OK
r-devel-windows-x86_64-new-TK 1.0.0 OK
r-patched-linux-x86_64 1.0.0 63.34 68.66 132.00 OK
r-release-linux-x86_64 1.0.0 OK
r-release-macos-arm64 1.0.0 NOTE
r-release-macos-x86_64 1.0.0 OK
r-release-windows-ix86+x86_64 1.0.0 171.00 134.00 305.00 OK
r-oldrel-macos-x86_64 1.0.0 NOTE
r-oldrel-windows-ix86+x86_64 1.0.0 168.00 143.00 311.00 OK

Additional issues

clang-UBSAN

Check Details

Version: 1.0.0
Check: installed package size
Result: NOTE
     installed size is 5.5Mb
     sub-directories of 1Mb or more:
     libs 5.4Mb
Flavors: r-release-macos-arm64, r-oldrel-macos-x86_64