CRAN Package Check Results for Package MIAmaxent

Last updated on 2018-11-20 13:46:30 CET.

Flavor Version Tinstall Tcheck Ttotal Status Flags
r-devel-linux-x86_64-debian-clang 1.0.0 3.84 36.70 40.54 OK
r-devel-linux-x86_64-debian-gcc 1.0.0 2.63 29.20 31.83 OK
r-devel-linux-x86_64-fedora-clang 1.0.0 46.98 NOTE
r-devel-linux-x86_64-fedora-gcc 1.0.0 45.54 NOTE
r-devel-windows-ix86+x86_64 1.0.0 11.00 63.00 74.00 OK
r-patched-linux-x86_64 1.0.0 3.85 34.95 38.80 OK
r-patched-solaris-x86 1.0.0 57.30 NOTE
r-release-linux-x86_64 1.0.0 2.29 35.28 37.57 OK
r-release-windows-ix86+x86_64 1.0.0 7.00 66.00 73.00 OK
r-release-osx-x86_64 1.0.0 NOTE
r-oldrel-windows-ix86+x86_64 1.0.0 6.00 48.00 54.00 OK
r-oldrel-osx-x86_64 1.0.0 NOTE

Check Details

Version: 1.0.0
Check: dependencies in R code
Result: NOTE
    Namespace in Imports field not imported from: ‘grDevices’
     All declared Imports should be used.
Flavors: r-devel-linux-x86_64-fedora-clang, r-devel-linux-x86_64-fedora-gcc, r-patched-solaris-x86, r-release-osx-x86_64, r-oldrel-osx-x86_64

Version: 1.0.0
Check: installed package size
Result: NOTE
     installed size is 5.0Mb
     sub-directories of 1Mb or more:
     doc 1.5Mb
     extdata 3.1Mb
Flavor: r-patched-solaris-x86