CRAN Package Check Results for Package MIAmaxent

Last updated on 2019-02-20 13:46:33 CET.

Flavor Version Tinstall Tcheck Ttotal Status Flags
r-devel-linux-x86_64-debian-clang 1.0.0 3.47 37.43 40.90 OK
r-devel-linux-x86_64-debian-gcc 1.0.0 3.10 29.15 32.25 OK
r-devel-linux-x86_64-fedora-clang 1.0.0 48.59 NOTE
r-devel-linux-x86_64-fedora-gcc 1.0.0 46.70 NOTE
r-devel-windows-ix86+x86_64 1.0.0 13.00 64.00 77.00 OK
r-patched-linux-x86_64 1.0.0 OK
r-patched-solaris-x86 1.0.0 66.80 NOTE
r-release-linux-x86_64 1.0.0 OK
r-release-windows-ix86+x86_64 1.0.0 6.00 65.00 71.00 OK
r-release-osx-x86_64 1.0.0 NOTE
r-oldrel-windows-ix86+x86_64 1.0.0 6.00 52.00 58.00 OK
r-oldrel-osx-x86_64 1.0.0 NOTE

Check Details

Version: 1.0.0
Check: dependencies in R code
Result: NOTE
    Namespace in Imports field not imported from: ‘grDevices’
     All declared Imports should be used.
Flavors: r-devel-linux-x86_64-fedora-clang, r-devel-linux-x86_64-fedora-gcc, r-patched-solaris-x86, r-release-osx-x86_64, r-oldrel-osx-x86_64

Version: 1.0.0
Check: installed package size
Result: NOTE
     installed size is 5.0Mb
     sub-directories of 1Mb or more:
     doc 1.5Mb
     extdata 3.1Mb
Flavor: r-patched-solaris-x86