CRAN Package Check Results for Package MLEcens

Last updated on 2022-10-01 11:49:31 CEST.

Flavor Version Tinstall Tcheck Ttotal Status Flags
r-devel-linux-x86_64-debian-clang 0.1-5 7.31 33.91 41.22 WARN
r-devel-linux-x86_64-debian-gcc 0.1-5 4.65 25.77 30.42 OK
r-devel-linux-x86_64-fedora-clang 0.1-5 60.56 WARN
r-devel-linux-x86_64-fedora-gcc 0.1-5 60.08 OK
r-devel-windows-x86_64 0.1-5 25.00 64.00 89.00 OK
r-patched-linux-x86_64 0.1-5 6.10 32.39 38.49 OK
r-release-linux-x86_64 0.1-5 5.35 31.70 37.05 OK
r-release-macos-arm64 0.1-5 19.00 OK
r-release-macos-x86_64 0.1-5 27.00 OK
r-release-windows-x86_64 0.1-5 18.00 53.00 71.00 OK
r-oldrel-macos-arm64 0.1-5 19.00 OK
r-oldrel-macos-x86_64 0.1-5 28.00 OK
r-oldrel-windows-ix86+x86_64 0.1-5 17.00 52.00 69.00 OK

Additional issues

clang15 clang15 M1mac

Check Details

Version: 0.1-5
Check: whether package can be installed
Result: WARN
    Found the following significant warnings:
     reduc.c:158:46: warning: for loop has empty body [-Wempty-body]
Flavors: r-devel-linux-x86_64-debian-clang, r-devel-linux-x86_64-fedora-clang