CRAN Package Check Results for Package MLVSBM

Last updated on 2021-05-10 20:48:46 CEST.

Flavor Version Tinstall Tcheck Ttotal Status Flags
r-devel-linux-x86_64-debian-clang 0.2.1 8.84 83.25 92.09 NOTE
r-devel-linux-x86_64-debian-gcc 0.2.1 7.04 60.38 67.42 NOTE
r-devel-linux-x86_64-fedora-clang 0.2.1 116.52 NOTE
r-devel-linux-x86_64-fedora-gcc 0.2.1 103.27 NOTE
r-devel-windows-ix86+x86_64 0.2.1 14.00 108.00 122.00 NOTE
r-devel-windows-x86_64-gcc10-UCRT 0.2.1 NOTE
r-patched-linux-x86_64 0.2.1 7.10 77.84 84.94 NOTE
r-patched-solaris-x86 0.2.1 149.40 NOTE
r-release-linux-x86_64 0.2.1 8.74 78.48 87.22 OK
r-release-macos-x86_64 0.2.1 OK
r-release-windows-ix86+x86_64 0.2.1 13.00 75.00 88.00 OK
r-oldrel-macos-x86_64 0.2.1 OK
r-oldrel-windows-ix86+x86_64 0.2.1 14.00 131.00 145.00 OK

Check Details

Version: 0.2.1
Check: LazyData
Result: NOTE
     'LazyData' is specified without a 'data' directory
Flavors: r-devel-linux-x86_64-debian-clang, r-devel-linux-x86_64-debian-gcc, r-devel-linux-x86_64-fedora-clang, r-devel-linux-x86_64-fedora-gcc, r-devel-windows-ix86+x86_64, r-devel-windows-x86_64-gcc10-UCRT, r-patched-linux-x86_64, r-patched-solaris-x86