CRAN Package Check Results for Package MLZ

Last updated on 2024-02-28 02:58:10 CET.

Flavor Version Tinstall Tcheck Ttotal Status Flags
r-devel-linux-x86_64-debian-clang 0.1.4 158.08 143.01 301.09 NOTE
r-devel-linux-x86_64-debian-gcc 0.1.4 115.15 111.56 226.71 NOTE
r-devel-linux-x86_64-fedora-clang 0.1.4 357.97 NOTE
r-devel-linux-x86_64-fedora-gcc 0.1.4 406.29 NOTE
r-devel-windows-x86_64 0.1.4 88.00 148.00 236.00 NOTE
r-patched-linux-x86_64 0.1.4 139.10 142.82 281.92 NOTE
r-release-linux-x86_64 0.1.4 132.07 142.93 275.00 NOTE
r-release-macos-arm64 0.1.4 141.00 NOTE
r-release-macos-x86_64 0.1.4 168.00 NOTE
r-release-windows-x86_64 0.1.4 117.00 183.00 300.00 NOTE
r-oldrel-macos-arm64 0.1.4 122.00 NOTE
r-oldrel-windows-x86_64 0.1.4 106.00 183.00 289.00 NOTE

Check Details

Version: 0.1.4
Check: package subdirectories
Result: NOTE Problems with news in ‘NEWS.md’: No news entries found. Flavors: r-devel-linux-x86_64-debian-clang, r-devel-linux-x86_64-debian-gcc, r-devel-linux-x86_64-fedora-clang, r-devel-linux-x86_64-fedora-gcc, r-devel-windows-x86_64, r-patched-linux-x86_64, r-release-linux-x86_64, r-release-macos-arm64, r-release-macos-x86_64, r-release-windows-x86_64

Version: 0.1.4
Check: installed package size
Result: NOTE installed size is 13.7Mb sub-directories of 1Mb or more: libs 13.2Mb Flavors: r-devel-windows-x86_64, r-release-macos-arm64, r-release-macos-x86_64, r-release-windows-x86_64, r-oldrel-macos-arm64, r-oldrel-windows-x86_64