CRAN Package Check Results for Package MLmetrics

Last updated on 2018-11-21 14:47:38 CET.

Flavor Version Tinstall Tcheck Ttotal Status Flags
r-devel-linux-x86_64-debian-clang 1.1.1 1.49 20.83 22.32 OK
r-devel-linux-x86_64-debian-gcc 1.1.1 1.14 16.73 17.87 OK
r-devel-linux-x86_64-fedora-clang 1.1.1 26.17 NOTE
r-devel-linux-x86_64-fedora-gcc 1.1.1 24.83 NOTE
r-devel-windows-ix86+x86_64 1.1.1 4.00 31.00 35.00 OK
r-patched-linux-x86_64 1.1.1 1.27 19.51 20.78 OK
r-patched-solaris-x86 1.1.1 38.70 NOTE
r-release-linux-x86_64 1.1.1 1.44 19.56 21.00 OK
r-release-windows-ix86+x86_64 1.1.1 3.00 44.00 47.00 OK
r-release-osx-x86_64 1.1.1 NOTE
r-oldrel-windows-ix86+x86_64 1.1.1 3.00 42.00 45.00 OK
r-oldrel-osx-x86_64 1.1.1 NOTE

Check Details

Version: 1.1.1
Check: dependencies in R code
Result: NOTE
    Namespace in Imports field not imported from: ‘utils’
     All declared Imports should be used.
Flavors: r-devel-linux-x86_64-fedora-clang, r-devel-linux-x86_64-fedora-gcc, r-patched-solaris-x86, r-release-osx-x86_64, r-oldrel-osx-x86_64