CRAN Package Check Results for Package MLmetrics

Last updated on 2018-05-24 04:49:43 CEST.

Flavor Version Tinstall Tcheck Ttotal Status Flags
r-devel-linux-x86_64-debian-clang 1.1.1 1.09 19.25 20.34 OK
r-devel-linux-x86_64-debian-gcc 1.1.1 1.15 16.07 17.22 OK
r-devel-linux-x86_64-fedora-clang 1.1.1 26.24 NOTE
r-devel-linux-x86_64-fedora-gcc 1.1.1 25.55 NOTE
r-devel-windows-ix86+x86_64 1.1.1 3.00 31.00 34.00 OK
r-patched-linux-x86_64 1.1.1 1.01 19.25 20.26 OK
r-patched-solaris-x86 1.1.1 38.90 NOTE
r-release-linux-x86_64 1.1.1 1.05 19.16 20.21 OK
r-release-windows-ix86+x86_64 1.1.1 4.00 41.00 45.00 OK
r-release-osx-x86_64 1.1.1 NOTE
r-oldrel-windows-ix86+x86_64 1.1.1 4.00 33.00 37.00 OK
r-oldrel-osx-x86_64 1.1.1 NOTE

Check Details

Version: 1.1.1
Check: dependencies in R code
Result: NOTE
    Namespace in Imports field not imported from: ‘utils’
     All declared Imports should be used.
Flavors: r-devel-linux-x86_64-fedora-clang, r-devel-linux-x86_64-fedora-gcc, r-patched-solaris-x86, r-release-osx-x86_64, r-oldrel-osx-x86_64