CRAN Package Check Results for Package MLmetrics

Last updated on 2019-02-21 07:48:43 CET.

Flavor Version Tinstall Tcheck Ttotal Status Flags
r-devel-linux-x86_64-debian-clang 1.1.1 1.82 20.82 22.64 OK
r-devel-linux-x86_64-debian-gcc 1.1.1 1.45 16.68 18.13 OK
r-devel-linux-x86_64-fedora-clang 1.1.1 27.57 NOTE
r-devel-linux-x86_64-fedora-gcc 1.1.1 25.76 NOTE
r-devel-windows-ix86+x86_64 1.1.1 5.00 33.00 38.00 OK
r-patched-linux-x86_64 1.1.1 OK
r-patched-solaris-x86 1.1.1 37.90 NOTE
r-release-linux-x86_64 1.1.1 OK
r-release-windows-ix86+x86_64 1.1.1 3.00 43.00 46.00 OK
r-release-osx-x86_64 1.1.1 NOTE
r-oldrel-windows-ix86+x86_64 1.1.1 3.00 47.00 50.00 OK
r-oldrel-osx-x86_64 1.1.1 NOTE

Check Details

Version: 1.1.1
Check: dependencies in R code
Result: NOTE
    Namespace in Imports field not imported from: ‘utils’
     All declared Imports should be used.
Flavors: r-devel-linux-x86_64-fedora-clang, r-devel-linux-x86_64-fedora-gcc, r-patched-solaris-x86, r-release-osx-x86_64, r-oldrel-osx-x86_64