CRAN Package Check Results for Package MLmetrics

Last updated on 2021-04-14 09:49:01 CEST.

Flavor Version Tinstall Tcheck Ttotal Status Flags
r-devel-linux-x86_64-debian-clang 1.1.1 2.58 24.67 27.25 NOTE
r-devel-linux-x86_64-debian-gcc 1.1.1 1.86 19.85 21.71 NOTE
r-devel-linux-x86_64-fedora-clang 1.1.1 42.84 NOTE
r-devel-linux-x86_64-fedora-gcc 1.1.1 34.51 NOTE
r-devel-windows-ix86+x86_64 1.1.1 5.00 43.00 48.00 NOTE
r-devel-windows-x86_64-gcc10-UCRT 1.1.1 NOTE
r-patched-linux-x86_64 1.1.1 2.57 24.02 26.59 OK
r-patched-solaris-x86 1.1.1 48.50 NOTE
r-release-linux-x86_64 1.1.1 2.19 23.98 26.17 OK
r-release-macos-x86_64 1.1.1 NOTE
r-release-windows-ix86+x86_64 1.1.1 4.00 42.00 46.00 OK
r-oldrel-macos-x86_64 1.1.1 NOTE
r-oldrel-windows-ix86+x86_64 1.1.1 4.00 30.00 34.00 OK

Check Details

Version: 1.1.1
Check: LazyData
Result: NOTE
     'LazyData' is specified without a 'data' directory
Flavors: r-devel-linux-x86_64-debian-clang, r-devel-linux-x86_64-debian-gcc, r-devel-linux-x86_64-fedora-clang, r-devel-linux-x86_64-fedora-gcc, r-devel-windows-ix86+x86_64, r-devel-windows-x86_64-gcc10-UCRT

Version: 1.1.1
Check: dependencies in R code
Result: NOTE
    Namespace in Imports field not imported from: ‘utils’
     All declared Imports should be used.
Flavors: r-devel-linux-x86_64-fedora-clang, r-devel-linux-x86_64-fedora-gcc, r-devel-windows-x86_64-gcc10-UCRT, r-patched-solaris-x86, r-release-macos-x86_64, r-oldrel-macos-x86_64