CRAN Package Check Results for Package MLmetrics

Last updated on 2018-08-20 07:47:47 CEST.

Flavor Version Tinstall Tcheck Ttotal Status Flags
r-devel-linux-x86_64-debian-clang 1.1.1 1.43 21.04 22.47 OK
r-devel-linux-x86_64-debian-gcc 1.1.1 0.87 16.78 17.65 OK
r-devel-linux-x86_64-fedora-clang 1.1.1 26.34 NOTE
r-devel-linux-x86_64-fedora-gcc 1.1.1 25.12 NOTE
r-devel-windows-ix86+x86_64 1.1.1 6.00 47.00 53.00 OK
r-patched-linux-x86_64 1.1.1 1.37 19.55 20.92 OK
r-patched-solaris-x86 1.1.1 38.60 NOTE
r-release-linux-x86_64 1.1.1 1.44 19.67 21.11 OK
r-release-windows-ix86+x86_64 1.1.1 5.00 33.00 38.00 OK
r-release-osx-x86_64 1.1.1 NOTE
r-oldrel-windows-ix86+x86_64 1.1.1 2.00 42.00 44.00 OK
r-oldrel-osx-x86_64 1.1.1 NOTE

Check Details

Version: 1.1.1
Check: dependencies in R code
Result: NOTE
    Namespace in Imports field not imported from: ‘utils’
     All declared Imports should be used.
Flavors: r-devel-linux-x86_64-fedora-clang, r-devel-linux-x86_64-fedora-gcc, r-patched-solaris-x86, r-release-osx-x86_64, r-oldrel-osx-x86_64