CRAN Package Check Results for Package MMAD

Last updated on 2024-03-04 18:55:04 CET.

Flavor Version Tinstall Tcheck Ttotal Status Flags
r-devel-linux-x86_64-debian-clang 1.0.0 10.27 127.31 137.58 OK
r-devel-linux-x86_64-debian-gcc 1.0.0 7.18 88.96 96.14 OK
r-devel-linux-x86_64-fedora-clang 1.0.0 167.65 OK
r-devel-linux-x86_64-fedora-gcc 1.0.0 157.90 OK
r-devel-windows-x86_64 1.0.0 10.00 100.00 110.00 OK
r-patched-linux-x86_64 1.0.0 7.49 122.84 130.33 OK
r-release-linux-x86_64 1.0.0 11.71 120.06 131.77 OK
r-release-macos-arm64 1.0.0 40.00 OK
r-release-macos-x86_64 1.0.0 115.00 OK
r-release-windows-x86_64 1.0.0 13.00 123.00 136.00 OK
r-oldrel-macos-arm64 1.0.0 49.00 ERROR
r-oldrel-windows-x86_64 1.0.0 12.00 123.00 135.00 OK

Check Details

Version: 1.0.0
Check: PDF version of manual
Result: WARN LaTeX errors when creating PDF version. This typically indicates Rd problems. LaTeX errors found: ! Undefined control sequence. <argument> I_i = I(T_{i} \leqslant C_{i}) l.121 ...nd \eqn{I_i = I(T_{i} \leqslant C_{i})}{} is the censoring indicator. ! Undefined control sequence. <argument> \bf {y} \overset {\rm {d}}= Z_{0}\bf {x}= \left \{ \begin {array... l.193 ... \ 1-\lambda_0 \\ \end{array} \right. }{} ! Undefined control sequence. <argument> ... \begin {array}{ll} \bf {0} & \text {with probability} \ \lamb... l.193 ... \ 1-\lambda_0 \\ \end{array} \right. }{} ! Undefined control sequence. <argument> ...ty} \ \lambda _0 \\ \bf {x} & \text {with probability} \ 1-\la... l.193 ... \ 1-\lambda_0 \\ \end{array} \right. }{} ! Undefined control sequence. <argument> ...cdots , \lambda _m)^{T} \in \mathbb {R}_{+}^{m} l.195 ...\lambda_m)^{T} \in \mathbb{R}_{+}^{m} }{} , \eqn{\bf{\theta}=(\theta... ! Undefined control sequence. <argument> I_{ij} = I(T_{ij} \leqslant C_{ij}) l.260 ...qn{I_{ij} = I(T_{ij} \leqslant C_{ij})}{} is the censoring indicator. ! Undefined control sequence. <argument> ...=1}^{m} p_{j} = 1 , p_{j} \geqslant 0 l.390 ...j=1}^{m} p_{j} = 1 , p_{j} \geqslant 0}{} . ! Undefined control sequence. <argument> ...)^{2}}{2 \sigma ^{2}} )} \centerdot I(y \geq a) l.535 ...\sigma^{2}} )} \centerdot I(y \geq a) }{} ! Undefined control sequence. <argument> \Phi (\centerdot ) l.537 ...ma}) }{}, and \eqn{ \Phi(\centerdot) }{} is the cdf of the standar... ! Undefined control sequence. <argument> {y} \overset {\rm {d}}= Z{x}= \left \{ \begin {array}{ll} {0} & ... l.1152 ...} \ 1-\lambda \\ \end{array} \right. }{} ! Undefined control sequence. <argument> ...t \{ \begin {array}{ll} {0} & \text {with probability} \ \lamb... l.1152 ...} \ 1-\lambda \\ \end{array} \right. }{} ! Undefined control sequence. <argument> ...obability} \ \lambda \\ {x} & \text {with probability} \ 1-\la... l.1152 ...} \ 1-\lambda \\ \end{array} \right. }{} ! Undefined control sequence. <argument> ...ambda _i/q_i) < \theta _i \leqslant 1 l.1155 ...\lambda_i/q_i) < \theta_i \leqslant 1}{} and \eqn{q_i \geqslant 4}... ! Undefined control sequence. <argument> q_i \geqslant 4 l.1155 ...eqslant 1}{} and \eqn{q_i \geqslant 4}{} is the largest positive i... Flavor: r-oldrel-macos-arm64

Version: 1.0.0
Check: PDF version of manual without index
Result: ERROR
Flavor: r-oldrel-macos-arm64