CRAN Package Check Results for Package MNLR

Last updated on 2020-02-20 19:48:30 CET.

Flavor Version Tinstall Tcheck Ttotal Status Flags
r-devel-linux-x86_64-debian-clang 0.1.0 2.13 17.81 19.94 OK
r-devel-linux-x86_64-debian-gcc 0.1.0 1.88 14.69 16.57 OK
r-devel-linux-x86_64-fedora-clang 0.1.0 25.07 NOTE
r-devel-linux-x86_64-fedora-gcc 0.1.0 24.23 NOTE
r-devel-windows-ix86+x86_64 0.1.0 9.00 29.00 38.00 OK
r-devel-windows-ix86+x86_64-gcc8 0.1.0 14.00 43.00 57.00 OK
r-patched-linux-x86_64 0.1.0 1.61 16.60 18.21 OK
r-patched-solaris-x86 0.1.0 37.40 NOTE
r-release-linux-x86_64 0.1.0 1.70 16.87 18.57 OK
r-release-windows-ix86+x86_64 0.1.0 5.00 30.00 35.00 OK
r-release-osx-x86_64 0.1.0 NOTE
r-oldrel-windows-ix86+x86_64 0.1.0 3.00 27.00 30.00 OK
r-oldrel-osx-x86_64 0.1.0 NOTE

Check Details

Version: 0.1.0
Check: dependencies in R code
Result: NOTE
    Namespaces in Imports field not imported from:
     ‘caret’ ‘datasets’ ‘e1071’ ‘nnet’ ‘shiny’ ‘stats’
     All declared Imports should be used.
Flavors: r-devel-linux-x86_64-fedora-clang, r-devel-linux-x86_64-fedora-gcc, r-patched-solaris-x86, r-release-osx-x86_64, r-oldrel-osx-x86_64