Last updated on 2023-09-25 15:00:11 CEST.
Flavor | Version | Tinstall | Tcheck | Ttotal | Status | Flags |
---|---|---|---|---|---|---|
r-devel-linux-x86_64-debian-clang | 1.0-3 | 14.37 | 118.86 | 133.23 | NOTE | |
r-devel-linux-x86_64-debian-gcc | 1.0-3 | 9.79 | 90.78 | 100.57 | NOTE | |
r-devel-linux-x86_64-fedora-clang | 1.0-3 | 160.59 | NOTE | |||
r-devel-linux-x86_64-fedora-gcc | 1.0-3 | 170.02 | NOTE | |||
r-devel-windows-x86_64 | 1.0-3 | 14.00 | 104.00 | 118.00 | NOTE | |
r-patched-linux-x86_64 | 1.0-3 | 12.57 | 115.94 | 128.51 | NOTE | |
r-release-linux-x86_64 | 1.0-3 | 13.45 | 116.79 | 130.24 | NOTE | |
r-release-macos-arm64 | 1.0-3 | 47.00 | NOTE | |||
r-release-macos-x86_64 | 1.0-3 | 77.00 | NOTE | |||
r-release-windows-x86_64 | 1.0-3 | 16.00 | 127.00 | 143.00 | NOTE | |
r-oldrel-macos-arm64 | 1.0-3 | 42.00 | NOTE | |||
r-oldrel-macos-x86_64 | 1.0-3 | 59.00 | NOTE | |||
r-oldrel-windows-x86_64 | 1.0-3 | 17.00 | 125.00 | 142.00 | NOTE |
Version: 1.0-3
Check: package dependencies
Result: NOTE
Package suggested but not available for checking: ‘Flury’
Flavors: r-devel-linux-x86_64-debian-clang, r-devel-linux-x86_64-debian-gcc, r-devel-linux-x86_64-fedora-clang, r-devel-linux-x86_64-fedora-gcc, r-devel-windows-x86_64, r-patched-linux-x86_64, r-release-linux-x86_64, r-release-macos-arm64, r-release-macos-x86_64, r-release-windows-x86_64, r-oldrel-macos-arm64, r-oldrel-macos-x86_64, r-oldrel-windows-x86_64