CRAN Package Check Results for Package MNM

Last updated on 2022-11-29 04:52:34 CET.

Flavor Version Tinstall Tcheck Ttotal Status Flags
r-devel-linux-x86_64-debian-clang 1.0-3 13.10 120.61 133.71 NOTE
r-devel-linux-x86_64-debian-gcc 1.0-3 11.28 87.71 98.99 NOTE
r-devel-linux-x86_64-fedora-clang 1.0-3 170.87 NOTE
r-devel-linux-x86_64-fedora-gcc 1.0-3 177.54 NOTE
r-devel-windows-x86_64 1.0-3 29.00 181.00 210.00 NOTE
r-patched-linux-x86_64 1.0-3 13.71 111.07 124.78 NOTE
r-release-linux-x86_64 1.0-3 14.54 114.59 129.13 NOTE
r-release-macos-arm64 1.0-3 42.00 NOTE
r-release-macos-x86_64 1.0-3 59.00 NOTE
r-release-windows-x86_64 1.0-3 30.00 145.00 175.00 NOTE
r-oldrel-macos-arm64 1.0-3 48.00 NOTE
r-oldrel-macos-x86_64 1.0-3 88.00 NOTE
r-oldrel-windows-ix86+x86_64 1.0-3 26.00 138.00 164.00 OK

Check Details

Version: 1.0-3
Check: package dependencies
Result: NOTE
    Package suggested but not available for checking: 'Flury'
Flavors: r-devel-linux-x86_64-debian-clang, r-devel-linux-x86_64-debian-gcc, r-devel-linux-x86_64-fedora-clang, r-devel-linux-x86_64-fedora-gcc, r-devel-windows-x86_64, r-patched-linux-x86_64, r-release-linux-x86_64, r-release-macos-arm64, r-release-macos-x86_64, r-release-windows-x86_64, r-oldrel-macos-arm64, r-oldrel-macos-x86_64