CRAN Package Check Results for Package MNS

Last updated on 2018-10-16 08:48:18 CEST.

Flavor Version Tinstall Tcheck Ttotal Status Flags
r-devel-linux-x86_64-debian-clang 1.0 6.83 74.85 81.68 OK
r-devel-linux-x86_64-debian-gcc 1.0 4.75 59.03 63.78 OK
r-devel-linux-x86_64-fedora-clang 1.0 95.75 OK
r-devel-linux-x86_64-fedora-gcc 1.0 101.56 OK
r-devel-windows-ix86+x86_64 1.0 17.00 118.00 135.00 OK
r-patched-linux-x86_64 1.0 4.34 61.96 66.30 OK
r-patched-solaris-x86 1.0 129.70 OK
r-release-linux-x86_64 1.0 4.09 62.27 66.36 OK
r-release-windows-ix86+x86_64 1.0 14.00 106.00 120.00 OK
r-release-osx-x86_64 1.0 OK
r-oldrel-windows-ix86+x86_64 1.0 11.00 101.00 112.00 OK
r-oldrel-osx-x86_64 1.0 WARN

Check Details

Version: 1.0
Check: re-building of vignette outputs
Result: WARN
    Error in re-building vignettes:
     ...
    Error in texi2dvi(file = file, pdf = TRUE, clean = clean, quiet = quiet, :
     Running 'texi2dvi' on 'vignette.tex' failed.
    LaTeX errors:
    ! LaTeX Error: File `a4wide.sty' not found.
    
    Type X to quit or <RETURN> to proceed,
    or enter new name. (Default extension: sty)
    
    ! Emergency stop.
    <read *>
    
    l.4 ^^M
    
    ! ==> Fatal error occurred, no output PDF file produced!
    Calls: buildVignettes -> texi2pdf -> texi2dvi
    Execution halted
Flavor: r-oldrel-osx-x86_64