CRAN Package Check Results for Package MNS

Last updated on 2018-05-28 05:49:14 CEST.

Flavor Version Tinstall Tcheck Ttotal Status Flags
r-devel-linux-x86_64-debian-clang 1.0 5.18 65.24 70.42 OK
r-devel-linux-x86_64-debian-gcc 1.0 4.15 56.87 61.02 OK
r-devel-linux-x86_64-fedora-clang 1.0 95.18 OK
r-devel-linux-x86_64-fedora-gcc 1.0 94.13 OK
r-devel-windows-ix86+x86_64 1.0 8.00 116.00 124.00 OK
r-patched-linux-x86_64 1.0 4.34 61.61 65.95 OK
r-patched-solaris-x86 1.0 124.80 OK
r-release-linux-x86_64 1.0 4.95 61.20 66.15 OK
r-release-windows-ix86+x86_64 1.0 11.00 99.00 110.00 OK
r-release-osx-x86_64 1.0 OK
r-oldrel-windows-ix86+x86_64 1.0 10.00 75.00 85.00 OK
r-oldrel-osx-x86_64 1.0 WARN

Check Details

Version: 1.0
Check: re-building of vignette outputs
Result: WARN
    Error in re-building vignettes:
     ...
    Error in texi2dvi(file = file, pdf = TRUE, clean = clean, quiet = quiet, :
     Running 'texi2dvi' on 'vignette.tex' failed.
    LaTeX errors:
    ! LaTeX Error: File `a4wide.sty' not found.
    
    Type X to quit or <RETURN> to proceed,
    or enter new name. (Default extension: sty)
    
    ! Emergency stop.
    <read *>
    
    l.4 ^^M
    
    ! ==> Fatal error occurred, no output PDF file produced!
    Calls: buildVignettes -> texi2pdf -> texi2dvi
    Execution halted
Flavor: r-oldrel-osx-x86_64