CRAN Package Check Results for Package MNS

Last updated on 2018-08-17 19:49:19 CEST.

Flavor Version Tinstall Tcheck Ttotal Status Flags
r-devel-linux-x86_64-debian-clang 1.0 6.43 73.07 79.50 OK
r-devel-linux-x86_64-debian-gcc 1.0 5.16 59.33 64.49 OK
r-devel-linux-x86_64-fedora-clang 1.0 94.34 OK
r-devel-linux-x86_64-fedora-gcc 1.0 92.18 OK
r-devel-windows-ix86+x86_64 1.0 13.00 90.00 103.00 OK
r-patched-linux-x86_64 1.0 5.55 61.53 67.08 OK
r-patched-solaris-x86 1.0 131.70 OK
r-release-linux-x86_64 1.0 4.13 61.94 66.07 OK
r-release-windows-ix86+x86_64 1.0 12.00 104.00 116.00 OK
r-release-osx-x86_64 1.0 OK
r-oldrel-windows-ix86+x86_64 1.0 8.00 79.00 87.00 OK
r-oldrel-osx-x86_64 1.0 WARN

Check Details

Version: 1.0
Check: re-building of vignette outputs
Result: WARN
    Error in re-building vignettes:
     ...
    Error in texi2dvi(file = file, pdf = TRUE, clean = clean, quiet = quiet, :
     Running 'texi2dvi' on 'vignette.tex' failed.
    LaTeX errors:
    ! LaTeX Error: File `a4wide.sty' not found.
    
    Type X to quit or <RETURN> to proceed,
    or enter new name. (Default extension: sty)
    
    ! Emergency stop.
    <read *>
    
    l.4 ^^M
    
    ! ==> Fatal error occurred, no output PDF file produced!
    Calls: buildVignettes -> texi2pdf -> texi2dvi
    Execution halted
Flavor: r-oldrel-osx-x86_64