CRAN Package Check Results for Package MOCHA

Last updated on 2023-06-08 08:55:27 CEST.

Flavor Version Tinstall Tcheck Ttotal Status Flags
r-devel-linux-x86_64-debian-clang 0.1.0 10.46 145.68 156.14 NOTE
r-devel-linux-x86_64-debian-gcc 0.1.0 7.79 110.57 118.36 NOTE
r-devel-linux-x86_64-fedora-clang 0.1.0 172.63 NOTE
r-devel-linux-x86_64-fedora-gcc 0.1.0 170.07 NOTE
r-devel-windows-x86_64 0.1.0 12.00 114.00 126.00 NOTE
r-patched-linux-x86_64 0.1.0 8.69 135.53 144.22 NOTE
r-release-linux-x86_64 0.1.0 9.46 136.89 146.35 NOTE
r-release-macos-arm64 0.1.0 8.00 ERROR
r-release-macos-x86_64 0.1.0 116.00 NOTE
r-release-windows-x86_64 0.1.0 14.00 136.00 150.00 NOTE
r-oldrel-macos-arm64 0.1.0 8.00 ERROR
r-oldrel-macos-x86_64 0.1.0 10.00 ERROR
r-oldrel-windows-x86_64 0.1.0 14.00 128.00 142.00 NOTE

Check Details

Version: 0.1.0
Check: package dependencies
Result: NOTE
    Package suggested but not available for checking: ‘ArchR’
Flavors: r-devel-linux-x86_64-debian-clang, r-devel-linux-x86_64-debian-gcc, r-patched-linux-x86_64, r-release-linux-x86_64

Version: 0.1.0
Check: package dependencies
Result: NOTE
    Packages suggested but not available for checking:
     'ArchR', 'TxDb.Hsapiens.UCSC.hg38.refGene'
    
    Imports includes 29 non-default packages.
    Importing from so many packages makes the package vulnerable to any of
    them becoming unavailable. Move as many as possible to Suggests and
    use conditionally.
Flavor: r-devel-linux-x86_64-fedora-clang

Version: 0.1.0
Check: dependencies in R code
Result: NOTE
    Namespace in Imports field not imported from: 'ensembldb'
     All declared Imports should be used.
Flavors: r-devel-linux-x86_64-fedora-clang, r-devel-linux-x86_64-fedora-gcc

Version: 0.1.0
Check: package dependencies
Result: NOTE
    Packages suggested but not available for checking:
     'ArchR', 'TxDb.Hsapiens.UCSC.hg38.refGene'
Flavors: r-devel-linux-x86_64-fedora-gcc, r-devel-windows-x86_64, r-release-windows-x86_64, r-oldrel-windows-x86_64

Version: 0.1.0
Check: package dependencies
Result: ERROR
    Packages required but not available:
     'plyranges', 'ggbio', 'OrganismDbi', 'biovizBase'
    
    Packages suggested but not available for checking:
     'ArchR', 'motifmatchr', 'TxDb.Hsapiens.UCSC.hg38.refGene',
     'BSgenome.Hsapiens.UCSC.hg19'
    
    See section ‘The DESCRIPTION file’ in the ‘Writing R Extensions’
    manual.
Flavor: r-release-macos-arm64

Version: 0.1.0
Check: package dependencies
Result: NOTE
    Packages suggested but not available for checking:
     'ArchR', 'motifmatchr', 'TxDb.Hsapiens.UCSC.hg38.refGene',
     'BSgenome.Hsapiens.UCSC.hg19'
Flavor: r-release-macos-x86_64

Version: 0.1.0
Check: package dependencies
Result: ERROR
    Packages required but not available:
     'plyranges', 'RaggedExperiment', 'MultiAssayExperiment', 'ggbio',
     'OrganismDbi'
    
    Packages suggested but not available for checking:
     'ArchR', 'motifmatchr', 'TxDb.Hsapiens.UCSC.hg38.refGene',
     'BSgenome.Hsapiens.UCSC.hg19'
    
    See section ‘The DESCRIPTION file’ in the ‘Writing R Extensions’
    manual.
Flavor: r-oldrel-macos-arm64

Version: 0.1.0
Check: package dependencies
Result: ERROR
    Packages required but not available: 'RaggedExperiment', 'ggbio'
    
    Packages suggested but not available for checking:
     'ArchR', 'TxDb.Hsapiens.UCSC.hg38.refGene',
     'BSgenome.Hsapiens.UCSC.hg19'
    
    See section ‘The DESCRIPTION file’ in the ‘Writing R Extensions’
    manual.
Flavor: r-oldrel-macos-x86_64