CRAN Package Check Results for Package MODIStsp

Last updated on 2018-11-14 18:47:59 CET.

Flavor Version Tinstall Tcheck Ttotal Status Flags
r-devel-linux-x86_64-debian-clang 1.3.6 16.39 170.52 186.91 OK
r-devel-linux-x86_64-debian-gcc 1.3.6 13.94 141.55 155.49 OK
r-devel-linux-x86_64-fedora-clang 1.3.6 225.30 OK
r-devel-linux-x86_64-fedora-gcc 1.3.6 223.41 OK
r-devel-windows-ix86+x86_64 1.3.6 19.00 164.00 183.00 OK
r-patched-linux-x86_64 1.3.6 12.42 151.41 163.83 OK
r-patched-solaris-x86 1.3.6 303.10 OK
r-release-linux-x86_64 1.3.6 12.13 151.56 163.69 OK
r-release-windows-ix86+x86_64 1.3.6 25.00 211.00 236.00 OK
r-release-osx-x86_64 1.3.6 ERROR
r-oldrel-windows-ix86+x86_64 1.3.6 29.00 229.00 258.00 OK
r-oldrel-osx-x86_64 1.3.6 ERROR

Check Details

Version: 1.3.6
Check: package dependencies
Result: ERROR
    Package required but not available: ‘gWidgetsRGtk2’
    
    See section ‘The DESCRIPTION file’ in the ‘Writing R Extensions’
    manual.
Flavors: r-release-osx-x86_64, r-oldrel-osx-x86_64