CRAN Package Check Results for Package MODIStsp

Last updated on 2019-02-19 22:51:37 CET.

Flavor Version Tinstall Tcheck Ttotal Status Flags
r-devel-linux-x86_64-debian-clang 1.3.7 13.09 158.01 171.10 OK
r-devel-linux-x86_64-debian-gcc 1.3.7 11.74 128.69 140.43 OK
r-devel-linux-x86_64-fedora-clang 1.3.7 219.42 OK
r-devel-linux-x86_64-fedora-gcc 1.3.7 205.46 OK
r-devel-windows-ix86+x86_64 1.3.7 27.00 226.00 253.00 OK
r-patched-linux-x86_64 1.3.7 12.56 153.36 165.92 OK
r-patched-solaris-x86 1.3.7 301.20 OK
r-release-linux-x86_64 1.3.7 14.02 154.28 168.30 OK
r-release-windows-ix86+x86_64 1.3.7 18.00 245.00 263.00 OK
r-release-osx-x86_64 1.3.7 ERROR
r-oldrel-windows-ix86+x86_64 1.3.7 27.00 187.00 214.00 OK
r-oldrel-osx-x86_64 1.3.7 ERROR

Check Details

Version: 1.3.7
Check: package dependencies
Result: ERROR
    Package required but not available: ‘gWidgetsRGtk2’
    
    See section ‘The DESCRIPTION file’ in the ‘Writing R Extensions’
    manual.
Flavors: r-release-osx-x86_64, r-oldrel-osx-x86_64