CRAN Package Check Results for Package MODIStsp

Last updated on 2018-05-22 08:49:34 CEST.

Flavor Version Tinstall Tcheck Ttotal Status Flags
r-devel-linux-x86_64-debian-clang 1.3.3.1 11.93 151.93 163.86 OK
r-devel-linux-x86_64-debian-gcc 1.3.3.1 13.63 134.68 148.31 OK
r-devel-linux-x86_64-fedora-clang 1.3.3.1 221.34 OK
r-devel-linux-x86_64-fedora-gcc 1.3.3.1 221.43 OK
r-devel-windows-ix86+x86_64 1.3.3.1 28.00 156.00 184.00 OK
r-patched-linux-x86_64 1.3.3.1 11.08 147.76 158.84 OK
r-patched-solaris-x86 1.3.3.1 292.40 OK
r-release-linux-x86_64 1.3.3.1 14.81 147.57 162.38 OK
r-release-windows-ix86+x86_64 1.3.3.1 27.00 137.00 164.00 OK
r-release-osx-x86_64 1.3.3.1 ERROR
r-oldrel-windows-ix86+x86_64 1.3.3.1 23.00 207.00 230.00 OK
r-oldrel-osx-x86_64 1.3.3.1 ERROR

Check Details

Version: 1.3.3.1
Check: package dependencies
Result: ERROR
    Package required but not available: ‘gWidgetsRGtk2’
    
    See section ‘The DESCRIPTION file’ in the ‘Writing R Extensions’
    manual.
Flavors: r-release-osx-x86_64, r-oldrel-osx-x86_64