CRAN Package Check Results for Package MODIStsp

Last updated on 2018-08-21 16:50:31 CEST.

Flavor Version Tinstall Tcheck Ttotal Status Flags
r-devel-linux-x86_64-debian-clang 1.3.6 16.71 170.24 186.95 OK
r-devel-linux-x86_64-debian-gcc 1.3.6 11.19 139.68 150.87 OK
r-devel-linux-x86_64-fedora-clang 1.3.6 206.96 OK
r-devel-linux-x86_64-fedora-gcc 1.3.6 203.81 OK
r-devel-windows-ix86+x86_64 1.3.6 27.00 212.00 239.00 OK
r-patched-linux-x86_64 1.3.6 13.45 154.37 167.82 OK
r-patched-solaris-x86 1.3.6 293.90 OK
r-release-linux-x86_64 1.3.6 15.02 153.46 168.48 OK
r-release-windows-ix86+x86_64 1.3.6 27.00 200.00 227.00 OK
r-release-osx-x86_64 1.3.6 ERROR
r-oldrel-windows-ix86+x86_64 1.3.6 16.00 166.00 182.00 OK
r-oldrel-osx-x86_64 1.3.6 ERROR

Check Details

Version: 1.3.6
Check: package dependencies
Result: ERROR
    Package required but not available: ‘gWidgetsRGtk2’
    
    See section ‘The DESCRIPTION file’ in the ‘Writing R Extensions’
    manual.
Flavors: r-release-osx-x86_64, r-oldrel-osx-x86_64