CRAN Package Check Results for Package MODIStsp

Last updated on 2018-02-23 10:48:23 CET.

Flavor Version Tinstall Tcheck Ttotal Status Flags
r-devel-linux-x86_64-debian-clang 1.3.3.1 11.62 136.61 148.23 OK
r-devel-linux-x86_64-debian-gcc 1.3.3.1 11.21 121.24 132.45 OK
r-devel-linux-x86_64-fedora-clang 1.3.3.1 194.32 OK
r-devel-linux-x86_64-fedora-gcc 1.3.3.1 204.00 OK
r-devel-windows-ix86+x86_64 1.3.3.1 20.00 197.00 217.00 OK
r-patched-linux-x86_64 1.3.3.1 10.65 162.96 173.61 OK
r-patched-solaris-x86 1.3.3.1 272.90 OK
r-release-linux-x86_64 1.3.3.1 8.51 163.00 171.51 OK
r-release-windows-ix86+x86_64 1.3.3.1 25.00 220.00 245.00 OK
r-release-osx-x86_64 1.3.3.1 ERROR
r-oldrel-windows-ix86+x86_64 1.3.3.1 16.00 153.00 169.00 OK
r-oldrel-osx-x86_64 1.3.3.1 OK

Check Details

Version: 1.3.3.1
Check: package dependencies
Result: ERROR
    Package required but not available: ‘gWidgetsRGtk2’
    
    See section ‘The DESCRIPTION file’ in the ‘Writing R Extensions’
    manual.
Flavor: r-release-osx-x86_64