CRAN Package Check Results for Package MRH

Last updated on 2021-01-25 21:49:28 CET.

Flavor Version Tinstall Tcheck Ttotal Status Flags
r-devel-linux-x86_64-debian-clang 2.2 14.98 90.93 105.91 NOTE
r-devel-linux-x86_64-debian-gcc 2.2 11.38 68.17 79.55 NOTE
r-devel-linux-x86_64-fedora-clang 2.2 134.38 NOTE
r-devel-linux-x86_64-fedora-gcc 2.2 124.31 NOTE
r-devel-windows-ix86+x86_64 2.2 29.00 130.00 159.00 OK
r-patched-linux-x86_64 2.2 13.42 83.12 96.54 NOTE
r-patched-solaris-x86 2.2 159.90 NOTE
r-release-linux-x86_64 2.2 12.66 82.04 94.70 NOTE
r-release-macos-x86_64 2.2 OK
r-release-windows-ix86+x86_64 2.2 29.00 101.00 130.00 OK
r-oldrel-macos-x86_64 2.2 OK
r-oldrel-windows-ix86+x86_64 2.2 22.00 123.00 145.00 OK

Check Details

Version: 2.2
Check: for non-standard things in the check directory
Result: NOTE
    Found the following files/directories:
     'MRH_lung'
Flavors: r-devel-linux-x86_64-debian-clang, r-devel-linux-x86_64-debian-gcc, r-devel-linux-x86_64-fedora-clang, r-devel-linux-x86_64-fedora-gcc, r-patched-linux-x86_64, r-patched-solaris-x86, r-release-linux-x86_64

Version: 2.2
Check: compiled code
Result: NOTE
    File ‘MRH/libs/MRH.so’:
     Found no calls to: ‘R_registerRoutines’, ‘R_useDynamicSymbols’
    
    It is good practice to register native routines and to disable symbol
    search.
    
    See ‘Writing portable packages’ in the ‘Writing R Extensions’ manual.
Flavors: r-devel-linux-x86_64-fedora-clang, r-devel-linux-x86_64-fedora-gcc