CRAN Package Check Results for Package MRTSampleSizeBinary

Last updated on 2022-05-27 22:52:00 CEST.

Flavor Version Tinstall Tcheck Ttotal Status Flags
r-devel-linux-x86_64-debian-clang 0.1.1 11.44 118.43 129.87 OK
r-devel-linux-x86_64-debian-gcc 0.1.1 9.56 87.30 96.86 OK
r-devel-linux-x86_64-fedora-clang 0.1.1 152.74 NOTE
r-devel-linux-x86_64-fedora-gcc 0.1.1 146.09 NOTE
r-devel-windows-x86_64 0.1.1 70.00 129.00 199.00 OK
r-patched-linux-x86_64 0.1.1 10.75 108.82 119.57 OK
r-release-linux-x86_64 0.1.1 11.26 110.75 122.01 OK
r-release-macos-arm64 0.1.1 45.00 NOTE
r-release-macos-x86_64 0.1.1 68.00 NOTE
r-release-windows-x86_64 0.1.1 79.00 131.00 210.00 OK
r-oldrel-macos-arm64 0.1.1 39.00 NOTE
r-oldrel-macos-x86_64 0.1.1 56.00 NOTE
r-oldrel-windows-ix86+x86_64 0.1.1 25.00 125.00 150.00 OK

Check Details

Version: 0.1.1
Check: dependencies in R code
Result: NOTE
    Namespace in Imports field not imported from: ‘dplyr’
     All declared Imports should be used.
Flavors: r-devel-linux-x86_64-fedora-clang, r-devel-linux-x86_64-fedora-gcc, r-release-macos-arm64, r-release-macos-x86_64, r-oldrel-macos-arm64, r-oldrel-macos-x86_64