CRAN Package Check Results for Package MSEtool

Last updated on 2021-01-23 23:47:21 CET.

Flavor Version Tinstall Tcheck Ttotal Status Flags
r-devel-linux-x86_64-debian-clang 3.0.0 112.56 212.34 324.90 OK
r-devel-linux-x86_64-debian-gcc 3.0.0 82.13 156.81 238.94 OK
r-devel-linux-x86_64-fedora-clang 3.0.0 432.42 NOTE
r-devel-linux-x86_64-fedora-gcc 3.0.0 392.17 OK
r-devel-windows-ix86+x86_64 3.0.0 234.00 259.00 493.00 NOTE
r-patched-linux-x86_64 3.0.0 95.52 189.30 284.82 OK
r-patched-solaris-x86 3.0.0 387.40 NOTE
r-release-linux-x86_64 3.0.0 99.55 187.91 287.46 OK
r-release-macos-x86_64 3.0.0 NOTE
r-release-windows-ix86+x86_64 3.0.0 219.00 270.00 489.00 NOTE
r-oldrel-macos-x86_64 3.0.0 NOTE
r-oldrel-windows-ix86+x86_64 3.0.0 182.00 244.00 426.00 NOTE

Check Details

Version: 3.0.0
Check: installed package size
Result: NOTE
     installed size is 9.4Mb
     sub-directories of 1Mb or more:
     R 1.5Mb
     data 3.9Mb
     libs 3.3Mb
Flavors: r-devel-linux-x86_64-fedora-clang, r-devel-windows-ix86+x86_64, r-patched-solaris-x86, r-release-macos-x86_64, r-release-windows-ix86+x86_64, r-oldrel-macos-x86_64, r-oldrel-windows-ix86+x86_64