CRAN Package Check Results for Package MSPRT

Last updated on 2022-12-01 06:52:50 CET.

Flavor Version Tinstall Tcheck Ttotal Status Flags
r-devel-linux-x86_64-debian-clang 3.0 38.31 160.90 199.21 OK
r-devel-linux-x86_64-debian-gcc 3.0 29.31 112.91 142.22 OK
r-devel-linux-x86_64-fedora-clang 3.0 247.17 NOTE
r-devel-linux-x86_64-fedora-gcc 3.0 255.70 NOTE
r-devel-windows-x86_64 3.0 37.00 170.00 207.00 OK
r-patched-linux-x86_64 3.0 31.11 146.47 177.58 OK
r-release-linux-x86_64 3.0 29.10 150.39 179.49 OK
r-release-macos-arm64 3.0 53.00 NOTE
r-release-macos-x86_64 3.0 87.00 NOTE
r-release-windows-x86_64 3.0 45.00 166.00 211.00 OK
r-oldrel-macos-arm64 3.0 66.00 NOTE
r-oldrel-macos-x86_64 3.0 96.00 NOTE
r-oldrel-windows-ix86+x86_64 3.0 56.00 157.00 213.00 OK

Check Details

Version: 3.0
Check: dependencies in R code
Result: NOTE
    Namespaces in Imports field not imported from:
     ‘datasets’ ‘grDevices’ ‘graphics’ ‘iterators’ ‘methods’
     All declared Imports should be used.
Flavors: r-devel-linux-x86_64-fedora-clang, r-devel-linux-x86_64-fedora-gcc, r-release-macos-arm64, r-release-macos-x86_64, r-oldrel-macos-arm64, r-oldrel-macos-x86_64