CRAN Package Check Results for Package MSbox

Last updated on 2018-08-19 09:48:11 CEST.

Flavor Version Tinstall Tcheck Ttotal Status Flags
r-devel-linux-x86_64-debian-clang 1.1.1 2.14 28.78 30.92 OK
r-devel-linux-x86_64-debian-gcc 1.1.1 1.55 22.20 23.75 OK
r-devel-linux-x86_64-fedora-clang 1.1.1 35.93 OK
r-devel-linux-x86_64-fedora-gcc 1.1.1 32.88 OK
r-devel-windows-ix86+x86_64 1.1.1 5.00 62.00 67.00 ERROR
r-patched-linux-x86_64 1.1.1 1.63 24.85 26.48 OK
r-patched-solaris-x86 1.1.1 61.90 OK
r-release-linux-x86_64 1.1.1 1.89 25.07 26.96 OK
r-release-windows-ix86+x86_64 1.1.1 5.00 43.00 48.00 OK
r-release-osx-x86_64 1.1.1 OK
r-oldrel-windows-ix86+x86_64 1.1.1 4.00 55.00 59.00 OK
r-oldrel-osx-x86_64 1.1.1 OK

Check Details

Version: 1.1.1
Check: examples
Result: ERROR
    Running examples in 'MSbox-Ex.R' failed
    The error most likely occurred in:
    
    > ### Name: formula
    > ### Title: Get compound formula and structure
    > ### Aliases: formula
    >
    > ### ** Examples
    >
    > formula('malic acid')
    Error in magick_image_readpath(path, density, depth, strip) :
     Magick: Read Exception `D:\temp\Rtmpqmmefw\file2d69852dd19a3.gif' @ error/png.c/MagickPNGErrorHandler/1639
    Calls: formula -> print -> image_read -> magick_image_readpath
    Execution halted
Flavor: r-devel-windows-ix86+x86_64