Last updated on 2022-08-13 07:11:39 CEST.
Flavor | Version | Tinstall | Tcheck | Ttotal | Status | Flags |
---|---|---|---|---|---|---|
r-devel-linux-x86_64-debian-clang | 0.2.1 | 36.67 | 70.11 | 106.78 | NOTE | |
r-devel-linux-x86_64-debian-gcc | 0.2.1 | 28.03 | 52.52 | 80.55 | NOTE | |
r-devel-linux-x86_64-fedora-clang | 0.2.1 | 150.37 | NOTE | |||
r-devel-linux-x86_64-fedora-gcc | 0.2.1 | 147.00 | NOTE | |||
r-devel-windows-x86_64 | 0.2.1 | 49.00 | 113.00 | 162.00 | NOTE | |
r-patched-linux-x86_64 | 0.2.1 | 32.65 | 67.34 | 99.99 | NOTE | |
r-release-linux-x86_64 | 0.2.1 | 28.02 | 68.82 | 96.84 | NOTE | |
r-release-macos-arm64 | 0.2.1 | 42.00 | NOTE | |||
r-release-macos-x86_64 | 0.2.1 | 54.00 | NOTE | |||
r-release-windows-x86_64 | 0.2.1 | 48.00 | 114.00 | 162.00 | NOTE | |
r-oldrel-macos-arm64 | 0.2.1 | 50.00 | NOTE | |||
r-oldrel-macos-x86_64 | 0.2.1 | 80.00 | NOTE | |||
r-oldrel-windows-ix86+x86_64 | 0.2.1 | 86.00 | 139.00 | 225.00 | NOTE |
Version: 0.2.1
Check: LazyData
Result: NOTE
'LazyData' is specified without a 'data' directory
Flavors: r-devel-linux-x86_64-debian-clang, r-devel-linux-x86_64-debian-gcc, r-devel-linux-x86_64-fedora-clang, r-devel-linux-x86_64-fedora-gcc, r-devel-windows-x86_64, r-patched-linux-x86_64, r-release-linux-x86_64, r-release-macos-arm64, r-release-macos-x86_64, r-release-windows-x86_64, r-oldrel-macos-arm64, r-oldrel-macos-x86_64, r-oldrel-windows-ix86+x86_64