CRAN Package Check Results for Package MVQuickGraphs

Last updated on 2024-04-12 13:52:40 CEST.

Flavor Version Tinstall Tcheck Ttotal Status Flags
r-devel-linux-x86_64-debian-clang 0.1.2 1.70 23.37 25.07 NOTE
r-devel-linux-x86_64-debian-gcc 0.1.2 1.49 17.84 19.33 NOTE
r-devel-linux-x86_64-fedora-clang 0.1.2 30.63 NOTE
r-devel-linux-x86_64-fedora-gcc 0.1.2 29.59 NOTE
r-devel-windows-x86_64 0.1.2 3.00 44.00 47.00 NOTE
r-patched-linux-x86_64 0.1.2 1.67 21.87 23.54 NOTE
r-release-linux-x86_64 0.1.2 1.99 22.01 24.00 NOTE
r-release-macos-arm64 0.1.2 15.00 NOTE
r-release-macos-x86_64 0.1.2 19.00 NOTE
r-release-windows-x86_64 0.1.2 4.00 43.00 47.00 NOTE
r-oldrel-macos-arm64 0.1.2 16.00 NOTE
r-oldrel-windows-x86_64 0.1.2 10.00 48.00 58.00 NOTE

Check Details

Version: 0.1.2
Check: LazyData
Result: NOTE 'LazyData' is specified without a 'data' directory Flavors: r-devel-linux-x86_64-debian-clang, r-devel-linux-x86_64-debian-gcc, r-devel-linux-x86_64-fedora-clang, r-devel-linux-x86_64-fedora-gcc, r-devel-windows-x86_64, r-patched-linux-x86_64, r-release-linux-x86_64, r-release-macos-arm64, r-release-macos-x86_64, r-release-windows-x86_64, r-oldrel-macos-arm64, r-oldrel-windows-x86_64