CRAN Package Check Results for Package MXM

Last updated on 2018-10-20 03:50:26 CEST.

Flavor Version Tinstall Tcheck Ttotal Status Flags
r-devel-linux-x86_64-debian-clang 1.4.0 58.27 469.81 528.08 OK
r-devel-linux-x86_64-debian-gcc 1.4.0 54.34 354.19 408.53 OK
r-devel-linux-x86_64-fedora-clang 1.4.0 607.89 NOTE
r-devel-linux-x86_64-fedora-gcc 1.4.0 615.51 NOTE
r-devel-windows-ix86+x86_64 1.4.0 113.00 574.00 687.00 OK
r-patched-linux-x86_64 1.4.0 60.79 442.78 503.57 OK
r-patched-solaris-x86 1.4.0 735.20 NOTE
r-release-linux-x86_64 1.4.0 57.28 444.22 501.50 OK
r-release-windows-ix86+x86_64 1.4.0 108.00 564.00 672.00 OK
r-release-osx-x86_64 1.4.0 NOTE
r-oldrel-windows-ix86+x86_64 1.3.9 10.00 9.00 19.00 ERROR
r-oldrel-osx-x86_64 1.4.0 ERROR

Check Details

Version: 1.4.0
Check: dependencies in R code
Result: NOTE
    Namespace in Imports field not imported from: ‘knitr’
     All declared Imports should be used.
Flavors: r-devel-linux-x86_64-fedora-clang, r-devel-linux-x86_64-fedora-gcc, r-patched-solaris-x86, r-release-osx-x86_64

Version: 1.3.9
Check: whether package can be installed
Result: ERROR
    Installation failed.
Flavor: r-oldrel-windows-ix86+x86_64

Version: 1.4.0
Check: whether package can be installed
Result: ERROR
    Installation failed.
Flavor: r-oldrel-osx-x86_64