CRAN Package Check Results for Package MXM

Last updated on 2018-01-22 07:46:56 CET.

Flavor Version Tinstall Tcheck Ttotal Status Flags
r-devel-linux-x86_64-debian-clang 1.3.1 8.28 337.87 346.15 OK
r-devel-linux-x86_64-debian-gcc 1.3.1 5.80 279.92 285.72 OK
r-devel-linux-x86_64-fedora-clang 1.3.1 424.08 OK
r-devel-linux-x86_64-fedora-gcc 1.3.1 427.11 OK
r-devel-windows-ix86+x86_64 1.3.1 16.00 369.00 385.00 OK
r-patched-linux-x86_64 1.3.1 3.16 7.84 11.00 ERROR
r-patched-solaris-x86 1.3.1 547.40 OK
r-release-linux-x86_64 1.3.1 8.54 391.52 400.06 OK
r-release-windows-ix86+x86_64 1.3.1 27.00 365.00 392.00 OK
r-release-osx-x86_64 1.3.1 OK
r-oldrel-windows-ix86+x86_64 1.3.1 21.00 345.00 366.00 OK
r-oldrel-osx-x86_64 1.3.1 OK

Check Details

Version: 1.3.1
Check: whether package can be installed
Result: ERROR
    Installation failed.
Flavor: r-patched-linux-x86_64