CRAN Package Check Results for Package MXM

Last updated on 2018-07-20 22:50:27 CEST.

Flavor Version Tinstall Tcheck Ttotal Status Flags
r-devel-linux-x86_64-debian-clang 1.3.5 60.11 451.77 511.88 OK
r-devel-linux-x86_64-debian-gcc 1.3.5 56.93 349.91 406.84 OK
r-devel-linux-x86_64-fedora-clang 1.3.5 620.88 NOTE
r-devel-linux-x86_64-fedora-gcc 1.3.5 649.16 NOTE
r-devel-windows-ix86+x86_64 1.3.5 76.00 404.00 480.00 NOTE
r-patched-linux-x86_64 1.3.5 58.66 447.76 506.42 OK
r-patched-solaris-x86 1.3.5 741.00 NOTE
r-release-linux-x86_64 1.3.5 59.93 446.30 506.23 OK
r-release-windows-ix86+x86_64 1.3.5 114.00 597.00 711.00 NOTE
r-release-osx-x86_64 1.3.5 NOTE
r-oldrel-windows-ix86+x86_64 1.3.5 33.00 515.00 548.00 NOTE
r-oldrel-osx-x86_64 1.3.5 NOTE

Check Details

Version: 1.3.5
Check: installed package size
Result: NOTE
     installed size is 7.3Mb
     sub-directories of 1Mb or more:
     R 2.3Mb
     doc 4.4Mb
Flavors: r-devel-linux-x86_64-fedora-clang, r-devel-windows-ix86+x86_64, r-patched-solaris-x86, r-release-windows-ix86+x86_64, r-release-osx-x86_64, r-oldrel-windows-ix86+x86_64, r-oldrel-osx-x86_64

Version: 1.3.5
Check: dependencies in R code
Result: NOTE
    Namespaces in Imports field not imported from:
     ‘dplyr’ ‘knitr’
     All declared Imports should be used.
Flavors: r-devel-linux-x86_64-fedora-clang, r-devel-linux-x86_64-fedora-gcc, r-patched-solaris-x86, r-release-osx-x86_64, r-oldrel-osx-x86_64