CRAN Package Check Results for Package MXM

Last updated on 2018-04-27 04:50:52 CEST.

Flavor Version Tinstall Tcheck Ttotal Status Flags
r-devel-linux-x86_64-debian-clang 1.3.3 60.58 355.99 416.57 OK
r-devel-linux-x86_64-debian-gcc 1.3.3 53.51 298.33 351.84 OK
r-devel-linux-x86_64-fedora-clang 1.3.3 565.90 NOTE
r-devel-linux-x86_64-fedora-gcc 1.3.3 585.30 NOTE
r-devel-windows-ix86+x86_64 1.3.3 113.00 550.00 663.00 NOTE
r-patched-linux-x86_64 1.3.3 60.39 395.20 455.59 OK
r-patched-solaris-x86 1.3.3 681.20 NOTE
r-release-linux-x86_64 1.3.3 67.91 406.16 474.07 OK
r-release-windows-ix86+x86_64 1.3.3 113.00 550.00 663.00 NOTE
r-release-osx-x86_64 1.3.3 NOTE
r-oldrel-windows-ix86+x86_64 1.3.3 19.00 591.00 610.00 OK
r-oldrel-osx-x86_64 1.3.3 NOTE

Check Details

Version: 1.3.3
Check: installed package size
Result: NOTE
     installed size is 6.4Mb
     sub-directories of 1Mb or more:
     R 2.0Mb
     doc 3.8Mb
Flavors: r-devel-linux-x86_64-fedora-clang, r-devel-linux-x86_64-fedora-gcc, r-devel-windows-ix86+x86_64, r-patched-solaris-x86, r-release-windows-ix86+x86_64, r-release-osx-x86_64

Version: 1.3.3
Check: dependencies in R code
Result: NOTE
    Namespaces in Imports field not imported from:
     ‘dplyr’ ‘knitr’
     All declared Imports should be used.
Flavors: r-devel-linux-x86_64-fedora-clang, r-devel-linux-x86_64-fedora-gcc, r-patched-solaris-x86, r-release-osx-x86_64, r-oldrel-osx-x86_64