CRAN Package Check Results for Package MaOEA

Last updated on 2022-12-10 03:57:33 CET.

Flavor Version Tinstall Tcheck Ttotal Status Flags
r-devel-linux-x86_64-debian-clang 0.6.2 12.36 98.37 110.73 NOTE
r-devel-linux-x86_64-debian-gcc 0.6.2 8.66 78.50 87.16 NOTE
r-devel-linux-x86_64-fedora-clang 0.6.2 140.96 NOTE
r-devel-linux-x86_64-fedora-gcc 0.6.2 136.66 NOTE
r-devel-windows-x86_64 0.6.2 20.00 148.00 168.00 NOTE
r-patched-linux-x86_64 0.6.2 12.92 88.80 101.72 NOTE
r-release-linux-x86_64 0.6.2 10.11 86.57 96.68 NOTE
r-release-macos-arm64 0.6.2 36.00 NOTE
r-release-macos-x86_64 0.6.2 50.00 NOTE
r-release-windows-x86_64 0.6.2 22.00 124.00 146.00 NOTE
r-oldrel-macos-arm64 0.6.2 42.00 NOTE
r-oldrel-macos-x86_64 0.6.2 67.00 NOTE
r-oldrel-windows-ix86+x86_64 0.6.2 25.00 115.00 140.00 NOTE

Check Details

Version: 0.6.2
Check: LazyData
Result: NOTE
     'LazyData' is specified without a 'data' directory
Flavors: r-devel-linux-x86_64-debian-clang, r-devel-linux-x86_64-debian-gcc, r-devel-linux-x86_64-fedora-clang, r-devel-linux-x86_64-fedora-gcc, r-devel-windows-x86_64, r-patched-linux-x86_64, r-release-linux-x86_64, r-release-macos-arm64, r-release-macos-x86_64, r-release-windows-x86_64, r-oldrel-macos-arm64, r-oldrel-macos-x86_64, r-oldrel-windows-ix86+x86_64