CRAN Package Check Results for Package ManifoldOptim

Last updated on 2022-05-21 11:50:55 CEST.

Flavor Version Tinstall Tcheck Ttotal Status Flags
r-devel-linux-x86_64-debian-clang 1.0.1 209.92 39.20 249.12 OK
r-devel-linux-x86_64-debian-gcc 1.0.1 170.49 29.96 200.45 OK
r-devel-linux-x86_64-fedora-clang 1.0.1 447.17 NOTE
r-devel-linux-x86_64-fedora-gcc 1.0.1 343.29 OK
r-devel-windows-x86_64 1.0.1 436.00 89.00 525.00 OK
r-patched-linux-x86_64 1.0.1 180.80 37.11 217.91 OK
r-release-linux-x86_64 1.0.1 183.26 36.60 219.86 OK
r-release-macos-arm64 1.0.1 90.00 NOTE
r-release-macos-x86_64 1.0.1 117.00 NOTE
r-release-windows-x86_64 1.0.1 409.00 89.00 498.00 OK
r-oldrel-macos-arm64 1.0.1 71.00 NOTE
r-oldrel-macos-x86_64 1.0.1 116.00 NOTE
r-oldrel-windows-ix86+x86_64 1.0.1 909.00 89.00 998.00 OK

Check Details

Version: 1.0.1
Check: installed package size
Result: NOTE
     installed size is 8.0Mb
     sub-directories of 1Mb or more:
     libs 7.6Mb
Flavors: r-devel-linux-x86_64-fedora-clang, r-release-macos-arm64, r-release-macos-x86_64, r-oldrel-macos-arm64, r-oldrel-macos-x86_64