CRAN Package Check Results for Package MapeBay

Last updated on 2022-08-18 06:49:31 CEST.

Flavor Version Tinstall Tcheck Ttotal Status Flags
r-devel-linux-x86_64-debian-clang 0.1.0 137.47 200.72 338.19 NOTE
r-devel-linux-x86_64-debian-gcc 0.1.0 127.08 155.56 282.64 NOTE
r-devel-linux-x86_64-fedora-clang 0.1.0 423.48 NOTE
r-devel-linux-x86_64-fedora-gcc 0.1.0 501.70 NOTE
r-devel-windows-x86_64 0.1.0 102.00 247.00 349.00 NOTE
r-patched-linux-x86_64 0.1.0 135.98 197.22 333.20 NOTE
r-release-linux-x86_64 0.1.0 136.35 199.94 336.29 NOTE
r-release-macos-arm64 0.1.0 113.00 NOTE
r-release-macos-x86_64 0.1.0 212.00 NOTE
r-release-windows-x86_64 0.1.0 104.00 244.00 348.00 NOTE
r-oldrel-macos-arm64 0.1.0 94.00 NOTE
r-oldrel-macos-x86_64 0.1.0 146.00 NOTE
r-oldrel-windows-ix86+x86_64 0.1.0 317.00 320.00 637.00 NOTE

Check Details

Version: 0.1.0
Check: for GNU extensions in Makefiles
Result: NOTE
    GNU make is a SystemRequirements.
Flavors: r-devel-linux-x86_64-debian-clang, r-devel-linux-x86_64-debian-gcc, r-devel-linux-x86_64-fedora-clang, r-devel-linux-x86_64-fedora-gcc, r-devel-windows-x86_64, r-patched-linux-x86_64, r-release-linux-x86_64, r-release-macos-arm64, r-release-macos-x86_64, r-release-windows-x86_64, r-oldrel-macos-arm64, r-oldrel-macos-x86_64, r-oldrel-windows-ix86+x86_64

Version: 0.1.0
Check: package dependencies
Result: NOTE
    Imports includes 27 non-default packages.
    Importing from so many packages makes the package vulnerable to any of
    them becoming unavailable. Move as many as possible to Suggests and
    use conditionally.
Flavor: r-devel-linux-x86_64-fedora-clang

Version: 0.1.0
Check: dependencies in R code
Result: NOTE
    Namespace in Imports field not imported from: ‘RcppParallel’
     All declared Imports should be used.
Flavors: r-devel-linux-x86_64-fedora-clang, r-devel-linux-x86_64-fedora-gcc, r-release-macos-arm64, r-release-macos-x86_64, r-oldrel-macos-arm64, r-oldrel-macos-x86_64

Version: 0.1.0
Check: installed package size
Result: NOTE
     installed size is 33.2Mb
     sub-directories of 1Mb or more:
     libs 32.9Mb
Flavors: r-release-macos-arm64, r-release-macos-x86_64, r-oldrel-macos-arm64, r-oldrel-macos-x86_64