CRAN Package Check Results for Package MarginalMediation

Last updated on 2022-09-25 01:51:48 CEST.

Flavor Version Tinstall Tcheck Ttotal Status Flags
r-devel-linux-x86_64-debian-clang 0.7.2 5.20 112.78 117.98 NOTE
r-devel-linux-x86_64-debian-gcc 0.7.2 5.27 82.13 87.40 NOTE
r-devel-linux-x86_64-fedora-clang 0.7.2 148.83 NOTE
r-devel-linux-x86_64-fedora-gcc 0.7.2 144.16 NOTE
r-devel-windows-x86_64 0.7.2 40.00 141.00 181.00 NOTE
r-patched-linux-x86_64 0.7.2 5.06 103.14 108.20 OK
r-release-linux-x86_64 0.7.2 6.17 102.55 108.72 OK
r-release-macos-arm64 0.7.2 33.00 OK
r-release-macos-x86_64 0.7.2 61.00 OK
r-release-windows-x86_64 0.7.2 59.00 132.00 191.00 OK
r-oldrel-macos-arm64 0.7.2 35.00 OK
r-oldrel-macos-x86_64 0.7.2 56.00 OK
r-oldrel-windows-ix86+x86_64 0.7.2 16.00 132.00 148.00 OK

Check Details

Version: 0.7.2
Check: Rd files
Result: NOTE
    checkRd: (-1) mma.Rd:67: Escaped LaTeX specials: \&
Flavors: r-devel-linux-x86_64-debian-clang, r-devel-linux-x86_64-debian-gcc, r-devel-linux-x86_64-fedora-clang, r-devel-linux-x86_64-fedora-gcc, r-devel-windows-x86_64