CRAN Package Check Results for Package MatchIt

Last updated on 2018-05-23 10:48:09 CEST.

Flavor Version Tinstall Tcheck Ttotal Status Flags
r-devel-linux-x86_64-debian-clang 3.0.2 3.21 85.60 88.81 OK
r-devel-linux-x86_64-debian-gcc 3.0.2 2.89 66.15 69.04 NOTE
r-devel-linux-x86_64-fedora-clang 3.0.2 109.77 OK
r-devel-linux-x86_64-fedora-gcc 3.0.2 112.77 OK
r-devel-windows-ix86+x86_64 3.0.2 10.00 105.00 115.00 OK
r-patched-linux-x86_64 3.0.2 3.78 83.38 87.16 OK
r-patched-solaris-x86 3.0.2 167.10 OK
r-release-linux-x86_64 3.0.2 3.59 85.84 89.43 OK
r-release-windows-ix86+x86_64 3.0.2 11.00 98.00 109.00 OK
r-release-osx-x86_64 3.0.2 OK
r-oldrel-windows-ix86+x86_64 3.0.2 5.00 106.00 111.00 OK
r-oldrel-osx-x86_64 3.0.2 OK

Check Details

Version: 3.0.2
Check: package dependencies
Result: NOTE
    Package suggested but not available for checking: ‘WhatIf’
Flavor: r-devel-linux-x86_64-debian-gcc