CRAN Package Check Results for Package MatchingFrontier

Last updated on 2018-05-23 06:46:55 CEST.

Flavor Version Tinstall Tcheck Ttotal Status Flags
r-devel-linux-x86_64-debian-clang 1.0.0 1.41 77.94 79.35 NOTE
r-devel-linux-x86_64-debian-gcc 1.0.0 1.73 57.01 58.74 NOTE
r-devel-linux-x86_64-fedora-clang 1.0.0 98.67 NOTE
r-devel-linux-x86_64-fedora-gcc 1.0.0 96.47 NOTE
r-devel-windows-ix86+x86_64 1.0.0 4.00 116.00 120.00 NOTE
r-patched-linux-x86_64 1.0.0 1.34 77.69 79.03 NOTE
r-patched-solaris-x86 1.0.0 126.80 NOTE
r-release-linux-x86_64 1.0.0 1.35 74.99 76.34 NOTE
r-release-windows-ix86+x86_64 1.0.0 7.00 113.00 120.00 NOTE
r-release-osx-x86_64 1.0.0 NOTE
r-oldrel-windows-ix86+x86_64 1.0.0 5.00 94.00 99.00 NOTE
r-oldrel-osx-x86_64 1.0.0 NOTE

Check Details

Version: 1.0.0
Check: R code for possible problems
Result: NOTE
    binsToFrontier: no visible global function definition for ‘tail’
    calculateMdist: no visible global function definition for ‘cov’
    estimateEffects: no visible global function definition for
     ‘txtProgressBar’
    estimateEffects: no visible global function definition for ‘lm’
    estimateEffects: no visible global function definition for ‘coef’
    estimateEffects: no visible global function definition for ‘confint’
    estimateEffects: no visible global function definition for
     ‘setTxtProgressBar’
    getCutpoint: no visible global function definition for ‘as.formula’
    getCutpoint: no visible global function definition for ‘glm’
    getCutpoint: no visible global function definition for ‘lm’
    modelDependence: no visible global function definition for ‘as.formula’
    modelDependence: no visible global function definition for ‘lm’
    nclass.ss: no visible global function definition for ‘hist’
    plotEstimates: no visible global function definition for ‘rgb’
    plotEstimates: no visible global function definition for ‘plot’
    plotEstimates: no visible global function definition for ‘polygon’
    plotEstimates: no visible global function definition for ‘lines’
    plotFrontier: no visible global function definition for ‘plot’
    plotMeans: no visible global function definition for ‘rainbow’
    plotMeans: no visible global function definition for ‘weighted.mean’
    plotMeans: no visible global function definition for ‘par’
    plotMeans: no visible global function definition for ‘plot’
    plotMeans: no visible global function definition for ‘points’
    plotMeans: no visible global function definition for ‘legend’
    reduceVar: no visible global function definition for ‘nclass.Sturges’
    reduceVar: no visible global function definition for ‘nclass.FD’
    reduceVar: no visible global function definition for ‘nclass.scott’
    Undefined global functions or variables:
     as.formula coef confint cov glm hist legend lines lm nclass.FD
     nclass.Sturges nclass.scott par plot points polygon rainbow rgb
     setTxtProgressBar tail txtProgressBar weighted.mean
    Consider adding
     importFrom("grDevices", "nclass.FD", "nclass.Sturges", "nclass.scott",
     "rainbow", "rgb")
     importFrom("graphics", "hist", "legend", "lines", "par", "plot",
     "points", "polygon")
     importFrom("stats", "as.formula", "coef", "confint", "cov", "glm",
     "lm", "weighted.mean")
     importFrom("utils", "setTxtProgressBar", "tail", "txtProgressBar")
    to your NAMESPACE file.
Flavors: r-devel-linux-x86_64-debian-clang, r-devel-linux-x86_64-debian-gcc, r-devel-linux-x86_64-fedora-clang, r-devel-linux-x86_64-fedora-gcc, r-devel-windows-ix86+x86_64, r-patched-linux-x86_64, r-patched-solaris-x86, r-release-linux-x86_64, r-release-windows-ix86+x86_64, r-release-osx-x86_64, r-oldrel-windows-ix86+x86_64, r-oldrel-osx-x86_64