CRAN Package Check Results for Package Matrix.utils

Last updated on 2021-06-24 00:48:48 CEST.

Flavor Version Tinstall Tcheck Ttotal Status Flags
r-devel-linux-x86_64-debian-clang 0.9.8 7.81 70.43 78.24 NOTE
r-devel-linux-x86_64-debian-gcc 0.9.8 6.48 53.94 60.42 NOTE
r-devel-linux-x86_64-fedora-clang 0.9.8 101.85 NOTE
r-devel-linux-x86_64-fedora-gcc 0.9.8 92.40 NOTE
r-devel-windows-x86_64 0.9.8 11.00 85.00 96.00 NOTE
r-devel-windows-x86_64-gcc10-UCRT 0.9.8 NOTE
r-patched-linux-x86_64 0.9.8 8.57 66.95 75.52 NOTE
r-patched-solaris-x86 0.9.8 136.50 NOTE
r-release-linux-x86_64 0.9.8 7.78 67.02 74.80 NOTE
r-release-macos-arm64 0.9.8 NOTE
r-release-macos-x86_64 0.9.8 NOTE
r-release-windows-ix86+x86_64 0.9.8 17.00 65.00 82.00 NOTE
r-oldrel-macos-x86_64 0.9.8 OK

Check Details

Version: 0.9.8
Check: LazyData
Result: NOTE
     'LazyData' is specified without a 'data' directory
Flavors: r-devel-linux-x86_64-debian-clang, r-devel-linux-x86_64-debian-gcc, r-devel-linux-x86_64-fedora-clang, r-devel-linux-x86_64-fedora-gcc, r-devel-windows-x86_64, r-devel-windows-x86_64-gcc10-UCRT, r-patched-linux-x86_64, r-patched-solaris-x86, r-release-linux-x86_64, r-release-macos-arm64, r-release-macos-x86_64, r-release-windows-ix86+x86_64

Version: 0.9.8
Check: Rd cross-references
Result: NOTE
    Undeclared packages ‘dplyr’, ‘plyr’, ‘reshape2’, ‘reshape’ in Rd xrefs
Flavor: r-devel-linux-x86_64-fedora-clang