CRAN Package Check Results for Package MatrixLDA

Last updated on 2024-03-02 13:50:25 CET.

Flavor Version Tinstall Tcheck Ttotal Status Flags
r-devel-linux-x86_64-debian-clang 0.2 37.62 46.90 84.52 NOTE
r-devel-linux-x86_64-debian-gcc 0.2 27.63 37.97 65.60 NOTE
r-devel-linux-x86_64-fedora-clang 0.2 118.72 NOTE
r-devel-linux-x86_64-fedora-gcc 0.2 119.27 NOTE
r-devel-windows-x86_64 0.2 28.00 77.00 105.00 NOTE
r-patched-linux-x86_64 0.2 38.62 48.20 86.82 NOTE
r-release-linux-x86_64 0.2 39.48 48.63 88.11 NOTE
r-release-macos-arm64 0.2 42.00 NOTE
r-release-macos-x86_64 0.2 55.00 NOTE
r-release-windows-x86_64 0.2 28.00 86.00 114.00 NOTE
r-oldrel-macos-arm64 0.2 38.00 NOTE
r-oldrel-windows-x86_64 0.2 35.00 81.00 116.00 NOTE

Check Details

Version: 0.2
Check: LazyData
Result: NOTE 'LazyData' is specified without a 'data' directory Flavors: r-devel-linux-x86_64-debian-clang, r-devel-linux-x86_64-debian-gcc, r-devel-linux-x86_64-fedora-clang, r-devel-linux-x86_64-fedora-gcc, r-devel-windows-x86_64, r-patched-linux-x86_64, r-release-linux-x86_64, r-release-macos-arm64, r-release-macos-x86_64, r-release-windows-x86_64, r-oldrel-macos-arm64, r-oldrel-windows-x86_64