CRAN Package Check Results for Package MatrixModels

Last updated on 2020-02-18 06:47:35 CET.

Flavor Version Tinstall Tcheck Ttotal Status Flags
r-devel-linux-x86_64-debian-clang 0.4-1 2.18 2.46 4.64 ERROR
r-devel-linux-x86_64-debian-gcc 0.4-1 11.04 57.07 68.11 OK
r-devel-linux-x86_64-fedora-clang 0.4-1 93.93 OK
r-devel-linux-x86_64-fedora-gcc 0.4-1 100.21 OK
r-devel-windows-ix86+x86_64 0.4-1 21.00 73.00 94.00 WARN
r-devel-windows-ix86+x86_64-gcc8 0.4-1 31.00 97.00 128.00 WARN
r-patched-linux-x86_64 0.4-1 10.88 58.37 69.25 OK
r-patched-solaris-x86 0.4-1 130.70 OK
r-release-linux-x86_64 0.4-1 10.70 58.54 69.24 OK
r-release-windows-ix86+x86_64 0.4-1 17.00 80.00 97.00 OK
r-release-osx-x86_64 0.4-1 OK
r-oldrel-windows-ix86+x86_64 0.4-1 13.00 95.00 108.00 OK
r-oldrel-osx-x86_64 0.4-1 OK

Check Details

Version: 0.4-1
Check: whether package can be installed
Result: ERROR
    Installation failed.
Flavor: r-devel-linux-x86_64-debian-clang

Version: 0.4-1
Check: whether package can be installed
Result: WARN
    Found the following significant warnings:
     Warning: unable to find a consistent ordering of superclasses for class "dsparseModelMatrix": order chosen is inconsistent with the superclasses of "sparseModelMatrix"
Flavors: r-devel-windows-ix86+x86_64, r-devel-windows-ix86+x86_64-gcc8