CRAN Package Check Results for Package MazamaSpatialUtils

Last updated on 2022-01-21 11:52:05 CET.

Flavor Version Tinstall Tcheck Ttotal Status Flags
r-devel-linux-x86_64-debian-clang 0.7.6 10.17 102.72 112.89 OK
r-devel-linux-x86_64-debian-gcc 0.7.6 7.53 77.09 84.62 OK
r-devel-linux-x86_64-fedora-clang 0.7.6 133.53 NOTE
r-devel-linux-x86_64-fedora-gcc 0.7.6 131.89 NOTE
r-devel-windows-x86_64-new-UL 0.7.6 428.00 161.00 589.00 OK
r-devel-windows-x86_64-new-TK 0.7.6 NOTE
r-patched-linux-x86_64 0.7.6 9.17 97.87 107.04 OK
r-release-linux-x86_64 0.7.6 5.93 97.84 103.77 OK
r-release-macos-arm64 0.7.6 NOTE
r-release-macos-x86_64 0.7.6 NOTE
r-release-windows-ix86+x86_64 0.7.6 30.00 190.00 220.00 OK
r-oldrel-macos-x86_64 0.7.6 NOTE
r-oldrel-windows-ix86+x86_64 0.7.6 29.00 171.00 200.00 OK

Check Details

Version: 0.7.6
Check: data for non-ASCII characters
Result: NOTE
     Note: found 17 marked UTF-8 strings
Flavors: r-devel-linux-x86_64-fedora-clang, r-devel-linux-x86_64-fedora-gcc, r-devel-windows-x86_64-new-TK, r-release-macos-arm64, r-release-macos-x86_64, r-oldrel-macos-x86_64