CRAN Package Check Results for Package MazamaSpatialUtils

Last updated on 2018-08-19 06:46:48 CEST.

Flavor Version Tinstall Tcheck Ttotal Status Flags
r-devel-linux-x86_64-debian-clang 0.5.2 5.17 54.56 59.73 OK
r-devel-linux-x86_64-debian-gcc 0.5.2 4.67 46.28 50.95 WARN
r-devel-linux-x86_64-fedora-clang 0.5.2 73.03 OK
r-devel-linux-x86_64-fedora-gcc 0.5.2 72.25 OK
r-devel-windows-ix86+x86_64 0.5.2 11.00 86.00 97.00 WARN
r-patched-linux-x86_64 0.5.2 4.74 49.26 54.00 OK
r-patched-solaris-x86 0.5.2 109.30 OK
r-release-linux-x86_64 0.5.2 4.22 49.60 53.82 OK
r-release-windows-ix86+x86_64 0.5.2 12.00 86.00 98.00 OK
r-release-osx-x86_64 0.5.2 OK
r-oldrel-windows-ix86+x86_64 0.5.2 8.00 69.00 77.00 OK
r-oldrel-osx-x86_64 0.5.2 OK

Check Details

Version: 0.5.2
Check: re-building of vignette outputs
Result: WARN
    Error in re-building vignettes:
     ...
    Warning in engine$weave(file, quiet = quiet, encoding = enc) :
     The vignette engine knitr::rmarkdown is not available, because the rmarkdown package is not installed. Please install it.
    Quitting from lines 259-307 (introduction.Rmd)
    Error: processing vignette ‘introduction.Rmd’ failed with diagnostics:
    cannot open the connection to 'http://mazamascience.com/OilExport/BP_2016_oil_production_bbl.csv'
    Execution halted
Flavor: r-devel-linux-x86_64-debian-gcc

Version: 0.5.2
Check: re-building of vignette outputs
Result: WARN
    Error in re-building vignettes:
     ...
    Warning in engine$weave(file, quiet = quiet, encoding = enc) :
     The vignette engine knitr::rmarkdown is not available, because the rmarkdown package is not installed. Please install it.
    Quitting from lines 259-307 (introduction.Rmd)
    Error: processing vignette 'introduction.Rmd' failed with diagnostics:
    cannot open the connection
    Execution halted
Flavor: r-devel-windows-ix86+x86_64