CRAN Package Check Results for Package MazamaTimeSeries

Last updated on 2023-09-25 14:01:04 CEST.

Flavor Version Tinstall Tcheck Ttotal Status Flags
r-devel-linux-x86_64-debian-clang 0.2.14 9.96 96.74 106.70 ERROR
r-devel-linux-x86_64-debian-gcc 0.2.15 7.52 75.25 82.77 OK
r-devel-linux-x86_64-fedora-clang 0.2.15 145.16 NOTE
r-devel-linux-x86_64-fedora-gcc 0.2.15 160.93 NOTE
r-devel-windows-x86_64 0.2.15 11.00 119.00 130.00 OK
r-patched-linux-x86_64 0.2.15 9.93 93.83 103.76 OK
r-release-linux-x86_64 0.2.15 6.30 94.05 100.35 OK
r-release-macos-arm64 0.2.14 67.00 OK
r-release-macos-x86_64 0.2.15 146.00 OK
r-release-windows-x86_64 0.2.15 12.00 135.00 147.00 OK
r-oldrel-macos-arm64 0.2.14 54.00 OK
r-oldrel-macos-x86_64 0.2.15 66.00 OK
r-oldrel-windows-x86_64 0.2.15 14.00 153.00 167.00 OK

Check Details

Version: 0.2.14
Check: tests
Result: ERROR
     Running ‘testthat.R’ [23s/27s]
    Running the tests in ‘tests/testthat.R’ failed.
    Complete output:
     > library(testthat)
     > library(MazamaTimeSeries)
     >
     > test_check("MazamaTimeSeries")
     [ FAIL 12 | WARN 7 | SKIP 0 | PASS 128 ]
    
     ══ Failed tests ════════════════════════════════════════════════════════════════
     ── Error ('test-mts_filterDate.R:65:3'): character date formats work with timezones ──
     Error in `.determineTimezone(mts, startdate, timezone, verbose = TRUE)`: timezone 'US/Hawaii' is not a valid Olson timezone
     Backtrace:
     ▆
     1. ├─testthat::expect_identical(...) at test-mts_filterDate.R:65:2
     2. │ └─testthat::quasi_label(enquo(expected), expected.label, arg = "expected")
     3. │ └─rlang::eval_bare(expr, quo_get_env(quo))
     4. └─MazamaTimeSeries::mts_filterDate(...)
     5. └─MazamaTimeSeries:::.determineTimezone(...)
     ── Error ('test-mts_filterDate.R:128:3'): POSIXct date formats work ────────────
     Error in `.determineTimezone(mts, startdate, timezone, verbose = TRUE)`: timezone 'US/Hawaii' is not a valid Olson timezone
     Backtrace:
     ▆
     1. ├─testthat::expect_identical(...) at test-mts_filterDate.R:128:2
     2. │ └─testthat::quasi_label(enquo(expected), expected.label, arg = "expected")
     3. │ └─rlang::eval_bare(expr, quo_get_env(quo))
     4. └─MazamaTimeSeries::mts_filterDate(example_mts, start_Hawaii, end_Hawaii)
     5. └─MazamaTimeSeries:::.determineTimezone(...)
     ── Error ('test-mts_filterDate.R:192:3'): POSIXct date formats work with timezones ──
     Error in `.determineTimezone(mts, startdate, timezone, verbose = TRUE)`: timezone 'US/Hawaii' is not a valid Olson timezone
     Backtrace:
     ▆
     1. ├─testthat::expect_identical(...) at test-mts_filterDate.R:192:2
     2. │ └─testthat::quasi_label(enquo(expected), expected.label, arg = "expected")
     3. │ └─rlang::eval_bare(expr, quo_get_env(quo))
     4. └─MazamaTimeSeries::mts_filterDate(...)
     5. └─MazamaTimeSeries:::.determineTimezone(...)
     ── Error ('test-mts_filterDatetime.R:65:3'): character date formats work with timezones ──
     Error in `.determineTimezone(mts, startdate, timezone, verbose = TRUE)`: timezone 'US/Hawaii' is not a valid Olson timezone
     Backtrace:
     ▆
     1. ├─testthat::expect_identical(...) at test-mts_filterDatetime.R:65:2
     2. │ └─testthat::quasi_label(enquo(expected), expected.label, arg = "expected")
     3. │ └─rlang::eval_bare(expr, quo_get_env(quo))
     4. └─MazamaTimeSeries::mts_filterDatetime(...)
     5. └─MazamaTimeSeries:::.determineTimezone(...)
     ── Error ('test-mts_filterDatetime.R:128:3'): POSIXct date formats work ────────
     Error in `.determineTimezone(mts, startdate, timezone, verbose = TRUE)`: timezone 'US/Hawaii' is not a valid Olson timezone
     Backtrace:
     ▆
     1. ├─testthat::expect_identical(...) at test-mts_filterDatetime.R:128:2
     2. │ └─testthat::quasi_label(enquo(expected), expected.label, arg = "expected")
     3. │ └─rlang::eval_bare(expr, quo_get_env(quo))
     4. └─MazamaTimeSeries::mts_filterDatetime(...)
     5. └─MazamaTimeSeries:::.determineTimezone(...)
     ── Error ('test-mts_filterDatetime.R:192:3'): POSIXct date formats work with timezones ──
     Error in `.determineTimezone(mts, startdate, timezone, verbose = TRUE)`: timezone 'US/Hawaii' is not a valid Olson timezone
     Backtrace:
     ▆
     1. ├─testthat::expect_identical(...) at test-mts_filterDatetime.R:192:2
     2. │ └─testthat::quasi_label(enquo(expected), expected.label, arg = "expected")
     3. │ └─rlang::eval_bare(expr, quo_get_env(quo))
     4. └─MazamaTimeSeries::mts_filterDatetime(...)
     5. └─MazamaTimeSeries:::.determineTimezone(...)
     ── Error ('test-sts_filterDate.R:65:3'): character date formats work with timezones ──
     Error in `.determineTimezone(sts, startdate, timezone, verbose = TRUE)`: timezone 'US/Hawaii' is not a valid Olson timezone
     Backtrace:
     ▆
     1. ├─testthat::expect_identical(...) at test-sts_filterDate.R:65:2
     2. │ └─testthat::quasi_label(enquo(expected), expected.label, arg = "expected")
     3. │ └─rlang::eval_bare(expr, quo_get_env(quo))
     4. └─MazamaTimeSeries::sts_filterDate(...)
     5. └─MazamaTimeSeries:::.determineTimezone(...)
     ── Error ('test-sts_filterDate.R:128:3'): POSIXct date formats work ────────────
     Error in `.determineTimezone(sts, startdate, timezone, verbose = TRUE)`: timezone 'US/Hawaii' is not a valid Olson timezone
     Backtrace:
     ▆
     1. ├─testthat::expect_identical(...) at test-sts_filterDate.R:128:2
     2. │ └─testthat::quasi_label(enquo(expected), expected.label, arg = "expected")
     3. │ └─rlang::eval_bare(expr, quo_get_env(quo))
     4. └─MazamaTimeSeries::sts_filterDate(example_sts, start_Hawaii, end_Hawaii)
     5. └─MazamaTimeSeries:::.determineTimezone(...)
     ── Error ('test-sts_filterDate.R:192:3'): POSIXct date formats work with timezones ──
     Error in `.determineTimezone(sts, startdate, timezone, verbose = TRUE)`: timezone 'US/Hawaii' is not a valid Olson timezone
     Backtrace:
     ▆
     1. ├─testthat::expect_identical(...) at test-sts_filterDate.R:192:2
     2. │ └─testthat::quasi_label(enquo(expected), expected.label, arg = "expected")
     3. │ └─rlang::eval_bare(expr, quo_get_env(quo))
     4. └─MazamaTimeSeries::sts_filterDate(...)
     5. └─MazamaTimeSeries:::.determineTimezone(...)
     ── Error ('test-sts_filterDatetime.R:65:3'): character date formats work with timezones ──
     Error in `.determineTimezone(sts, startdate, timezone, verbose = TRUE)`: timezone 'US/Hawaii' is not a valid Olson timezone
     Backtrace:
     ▆
     1. ├─testthat::expect_identical(...) at test-sts_filterDatetime.R:65:2
     2. │ └─testthat::quasi_label(enquo(expected), expected.label, arg = "expected")
     3. │ └─rlang::eval_bare(expr, quo_get_env(quo))
     4. └─MazamaTimeSeries::sts_filterDatetime(...)
     5. └─MazamaTimeSeries:::.determineTimezone(...)
     ── Error ('test-sts_filterDatetime.R:128:3'): POSIXct date formats work ────────
     Error in `.determineTimezone(sts, startdate, timezone, verbose = TRUE)`: timezone 'US/Hawaii' is not a valid Olson timezone
     Backtrace:
     ▆
     1. ├─testthat::expect_identical(...) at test-sts_filterDatetime.R:128:2
     2. │ └─testthat::quasi_label(enquo(expected), expected.label, arg = "expected")
     3. │ └─rlang::eval_bare(expr, quo_get_env(quo))
     4. └─MazamaTimeSeries::sts_filterDatetime(...)
     5. └─MazamaTimeSeries:::.determineTimezone(...)
     ── Error ('test-sts_filterDatetime.R:192:3'): POSIXct date formats work with timezones ──
     Error in `.determineTimezone(sts, startdate, timezone, verbose = TRUE)`: timezone 'US/Hawaii' is not a valid Olson timezone
     Backtrace:
     ▆
     1. ├─testthat::expect_identical(...) at test-sts_filterDatetime.R:192:2
     2. │ └─testthat::quasi_label(enquo(expected), expected.label, arg = "expected")
     3. │ └─rlang::eval_bare(expr, quo_get_env(quo))
     4. └─MazamaTimeSeries::sts_filterDatetime(...)
     5. └─MazamaTimeSeries:::.determineTimezone(...)
    
     [ FAIL 12 | WARN 7 | SKIP 0 | PASS 128 ]
     Error: Test failures
     Execution halted
Flavor: r-devel-linux-x86_64-debian-clang

Version: 0.2.15
Check: data for non-ASCII characters
Result: NOTE
     Note: found 1 marked UTF-8 string
Flavors: r-devel-linux-x86_64-fedora-clang, r-devel-linux-x86_64-fedora-gcc