Last updated on 2023-04-01 00:53:04 CEST.
Flavor | Version | Tinstall | Tcheck | Ttotal | Status | Flags |
---|---|---|---|---|---|---|
r-devel-linux-x86_64-debian-clang | 0.12 | 110.17 | 469.46 | 579.63 | NOTE | |
r-devel-linux-x86_64-debian-gcc | 0.12 | 91.36 | 352.52 | 443.88 | NOTE | |
r-devel-linux-x86_64-fedora-clang | 0.12 | 756.48 | NOTE | |||
r-devel-linux-x86_64-fedora-gcc | 0.12 | 739.11 | NOTE | |||
r-devel-windows-x86_64 | 0.12 | 175.00 | 0.00 | 175.00 | OK | |
r-patched-linux-x86_64 | 0.12 | 98.46 | 454.44 | 552.90 | NOTE | |
r-release-linux-x86_64 | 0.12 | 92.67 | 453.15 | 545.82 | OK | |
r-release-macos-arm64 | 0.12 | 148.00 | NOTE | |||
r-release-macos-x86_64 | 0.12 | 284.00 | NOTE | |||
r-release-windows-x86_64 | 0.12 | 260.00 | 569.00 | 829.00 | OK | |
r-oldrel-macos-arm64 | 0.12 | 165.00 | NOTE | |||
r-oldrel-macos-x86_64 | 0.12 | 280.00 | NOTE | |||
r-oldrel-windows-ix86+x86_64 | 0.12 | 208.00 | 936.00 | 1144.00 | NOTE |
Version: 0.12
Check: C++ specification
Result: NOTE
Specified C++11: please drop specification unless essential
Flavors: r-devel-linux-x86_64-debian-clang, r-devel-linux-x86_64-debian-gcc, r-devel-linux-x86_64-fedora-clang, r-devel-linux-x86_64-fedora-gcc, r-patched-linux-x86_64
Version: 0.12
Check: installed package size
Result: NOTE
installed size is 20.2Mb
sub-directories of 1Mb or more:
libs 19.2Mb
Flavors: r-release-macos-arm64, r-release-macos-x86_64, r-oldrel-macos-arm64, r-oldrel-macos-x86_64
Version: 0.12
Check: R code for possible problems
Result: NOTE
ADPopSel: no visible global function definition for ‘%dorng%’
ADRand: no visible global function definition for ‘%dorng%’
ADSSMod: no visible global function definition for ‘%dorng%’
ADTreatSel: no visible global function definition for ‘%dorng%’
ClustRand: no visible global function definition for ‘%dorng%’
EventPred: no visible global function definition for ‘%dorng%’
FutRuleNCores: no visible global function definition for ‘%dorng%’
MultAdj1NCores: no visible global function definition for ‘%dorng%’
MultAdj2NCores: no visible global function definition for ‘%dorng%’
MultAdj3NCores: no visible global function definition for ‘%dorng%’
Undefined global functions or variables:
%dorng%
Flavors: r-release-macos-arm64, r-release-macos-x86_64, r-oldrel-macos-arm64, r-oldrel-macos-x86_64
Version: 0.12
Check: R code for possible problems
Result: NOTE
Initiating curl with CURL_SSL_BACKEND: openssl
Flavor: r-oldrel-windows-ix86+x86_64