CRAN Package Check Results for Package Mega2R

Last updated on 2022-12-06 19:55:49 CET.

Flavor Version Tinstall Tcheck Ttotal Status Flags
r-devel-linux-x86_64-debian-clang 1.0.9 67.11 521.17 588.28 OK
r-devel-linux-x86_64-debian-gcc 1.0.9 53.53 384.77 438.30 OK
r-devel-linux-x86_64-fedora-clang 1.0.9 743.86 OK
r-devel-linux-x86_64-fedora-gcc 1.0.9 720.78 OK
r-devel-windows-x86_64 1.0.9 84.00 594.00 678.00 OK
r-patched-linux-x86_64 1.0.9 65.23 492.13 557.36 OK
r-release-linux-x86_64 1.0.9 56.39 485.06 541.45 OK
r-release-macos-arm64 1.0.9 139.00 NOTE
r-release-macos-x86_64 1.0.9 320.00 OK
r-release-windows-x86_64 1.0.9 85.00 580.00 665.00 OK
r-oldrel-macos-arm64 1.0.9 168.00 OK
r-oldrel-macos-x86_64 1.0.9 248.00 OK
r-oldrel-windows-ix86+x86_64 1.0.9 132.00 745.00 877.00 OK

Check Details

Version: 1.0.9
Check: package dependencies
Result: NOTE
    Package suggested but not available for checking: ‘TxDb.Hsapiens.UCSC.hg19.knownGene’
Flavor: r-release-macos-arm64