Last updated on 2023-09-28 12:59:19 CEST.
Flavor | Version | Tinstall | Tcheck | Ttotal | Status | Flags |
---|---|---|---|---|---|---|
r-devel-linux-x86_64-debian-clang | 1.0.9 | 71.68 | 521.55 | 593.23 | OK | |
r-devel-linux-x86_64-debian-gcc | 1.0.9 | 52.10 | 388.57 | 440.67 | OK | |
r-devel-linux-x86_64-fedora-clang | 1.0.9 | 713.00 | OK | |||
r-devel-linux-x86_64-fedora-gcc | 1.0.9 | 735.06 | OK | |||
r-devel-windows-x86_64 | 1.0.9 | 57.00 | 423.00 | 480.00 | OK | |
r-patched-linux-x86_64 | 1.0.9 | 67.61 | 499.27 | 566.88 | OK | |
r-release-linux-x86_64 | 1.0.9 | 70.66 | 498.66 | 569.32 | OK | |
r-release-macos-arm64 | 1.0.9 | 169.00 | NOTE | |||
r-release-macos-x86_64 | 1.0.9 | 293.00 | NOTE | |||
r-release-windows-x86_64 | 1.0.9 | 74.00 | 540.00 | 614.00 | OK | |
r-oldrel-macos-arm64 | 1.0.9 | 139.00 | NOTE | |||
r-oldrel-macos-x86_64 | 1.0.9 | 320.00 | OK | |||
r-oldrel-windows-x86_64 | 1.0.9 | 69.00 | 499.00 | 568.00 | OK |
Version: 1.0.9
Check: package dependencies
Result: NOTE
Package suggested but not available for checking: ‘TxDb.Hsapiens.UCSC.hg19.knownGene’
Flavors: r-release-macos-arm64, r-release-macos-x86_64, r-oldrel-macos-arm64