CRAN Package Check Results for Package MetStaT

Last updated on 2019-09-19 08:50:59 CEST.

Flavor Version Tinstall Tcheck Ttotal Status Flags
r-devel-linux-x86_64-debian-clang 1.0 3.88 38.37 42.25 NOTE
r-devel-linux-x86_64-debian-gcc 1.0 3.27 29.16 32.43 NOTE
r-devel-linux-x86_64-fedora-clang 1.0 50.16 NOTE
r-devel-linux-x86_64-fedora-gcc 1.0 49.11 NOTE
r-devel-windows-ix86+x86_64 1.0 12.00 46.00 58.00 NOTE
r-patched-linux-x86_64 1.0 3.35 37.94 41.29 NOTE
r-patched-solaris-x86 1.0 74.20 NOTE
r-release-linux-x86_64 1.0 3.81 37.52 41.33 NOTE
r-release-windows-ix86+x86_64 1.0 8.00 71.00 79.00 NOTE
r-release-osx-x86_64 1.0 NOTE
r-oldrel-windows-ix86+x86_64 1.0 6.00 46.00 52.00 NOTE
r-oldrel-osx-x86_64 1.0 NOTE

Check Details

Version: 1.0
Check: dependencies in R code
Result: NOTE
    Packages in Depends field not imported from:
     'MASS' 'abind' 'pls'
     These packages need to be imported from (in the NAMESPACE file)
     for when this namespace is loaded but not attached.
Flavors: r-devel-linux-x86_64-debian-clang, r-devel-linux-x86_64-debian-gcc, r-devel-linux-x86_64-fedora-clang, r-devel-linux-x86_64-fedora-gcc, r-devel-windows-ix86+x86_64, r-patched-linux-x86_64, r-patched-solaris-x86, r-release-linux-x86_64, r-release-windows-ix86+x86_64, r-release-osx-x86_64, r-oldrel-windows-ix86+x86_64, r-oldrel-osx-x86_64

Version: 1.0
Check: R code for possible problems
Result: NOTE
    ASCA.PlotLoadings: no visible global function definition for 'par'
    ASCA.PlotLoadings: no visible global function definition for 'plot'
    ASCA.PlotLoadings: no visible global function definition for 'axis'
    ASCA.PlotScores: no visible global function definition for 'plot'
    ASCA.PlotScoresPerLevel: no visible global function definition for
     'plot'
    ASCA.PlotScoresPerLevel: no visible global function definition for
     'colors'
    ASCA.PlotScoresPerLevel: no visible global function definition for
     'legend'
    ASCA.PlotScoresPerLevel: no visible global function definition for
     'points'
    FoM.FitBinnedSampleRepeatErrors : local.fit.function: no visible global
     function definition for 'lm'
    FoM.FitBinnedSampleRepeatErrors : local.fit.function: no visible global
     function definition for 'rlm'
    FoM.FitBinnedSampleRepeatErrors: no visible global function definition
     for 'plot'
    FoM.FitBinnedSampleRepeatErrors: no visible global function definition
     for 'lines'
    MetStaT.CreateFileFromHeaderMatrix: no visible global function
     definition for 'write.table'
    MetStaT.CreateFileFromHeaderRowMatrix: no visible global function
     definition for 'write.table'
    MetStaT.KillAllDevices: no visible global function definition for
     'dev.list'
    MetStaT.KillAllDevices: no visible global function definition for
     'dev.off'
    MetStaT.PlotToFile: no visible global function definition for 'pdf'
    MetStaT.PlotToFile: no visible global function definition for 'bmp'
    MetStaT.PlotToFile: no visible global function definition for 'jpeg'
    MetStaT.PlotToFile: no visible global function definition for 'png'
    MetStaT.PlotToFile: no visible global function definition for 'tiff'
    MetStaT.PlotToFile: no visible global function definition for 'dev.off'
    MetStaT.PlotToFile: no visible global function definition for 'dev.cur'
    MetStaT.ReadFileToHeaderMatrix: no visible global function definition
     for 'read.delim'
    PCA.PlotLoadings: no visible global function definition for 'par'
    PCA.PlotLoadings: no visible global function definition for 'plot'
    PCA.PlotLoadings: no visible global function definition for 'axis'
    PCA.PlotScores: no visible global function definition for 'par'
    PCA.PlotScores: no visible global function definition for 'plot'
    PCA.PlotScores: no visible global function definition for 'text'
    PCA.PlotScores: no visible global function definition for 'legend'
    RevNet.JacobianMethod : RevNet.FirstEstimate: no visible global
     function definition for 'coef'
    RevNet.JacobianMethod : RevNet.FirstEstimate: no visible global
     function definition for 'lm.ridge'
    RevNet.TimeLaggedMethod : RevNet.CcfMax: no visible global function
     definition for 'ccf'
    RevNet.TimeLaggedMethod : RevNet.Connection: no visible global function
     definition for 'quantile'
    Undefined global functions or variables:
     axis bmp ccf coef colors dev.cur dev.list dev.off jpeg legend lines
     lm lm.ridge par pdf plot png points quantile read.delim rlm text tiff
     write.table
    Consider adding
     importFrom("grDevices", "bmp", "colors", "dev.cur", "dev.list",
     "dev.off", "jpeg", "pdf", "png", "tiff")
     importFrom("graphics", "axis", "legend", "lines", "par", "plot",
     "points", "text")
     importFrom("stats", "ccf", "coef", "lm", "quantile")
     importFrom("utils", "read.delim", "write.table")
    to your NAMESPACE file.
Flavors: r-devel-linux-x86_64-debian-clang, r-devel-linux-x86_64-debian-gcc, r-devel-linux-x86_64-fedora-clang, r-devel-linux-x86_64-fedora-gcc, r-devel-windows-ix86+x86_64, r-patched-linux-x86_64, r-patched-solaris-x86, r-release-linux-x86_64, r-release-windows-ix86+x86_64, r-release-osx-x86_64, r-oldrel-windows-ix86+x86_64, r-oldrel-osx-x86_64

Version: 1.0
Check: for non-standard things in the check directory
Result: NOTE
    Found the following files/directories:
     'ASCA_Results.pdf'
Flavors: r-devel-linux-x86_64-debian-clang, r-devel-linux-x86_64-debian-gcc, r-devel-linux-x86_64-fedora-clang, r-devel-linux-x86_64-fedora-gcc