CRAN Package Check Results for Package MetaIntegrator

Last updated on 2018-05-22 13:46:37 CEST.

Flavor Version Tinstall Tcheck Ttotal Status Flags
r-devel-linux-x86_64-debian-clang 1.0.3 14.30 176.59 190.89 OK
r-devel-linux-x86_64-debian-gcc 1.0.3 10.71 135.61 146.32 OK
r-devel-linux-x86_64-fedora-clang 1.0.3 240.92 OK
r-devel-linux-x86_64-fedora-gcc 1.0.3 236.37 OK
r-devel-windows-ix86+x86_64 1.0.3 7.00 5.00 12.00 ERROR
r-patched-linux-x86_64 1.0.3 10.96 154.69 165.65 OK
r-patched-solaris-x86 1.0.3 291.50 OK
r-release-linux-x86_64 1.0.3 11.67 154.53 166.20 OK
r-release-windows-ix86+x86_64 1.0.3 11.00 4.00 15.00 ERROR
r-release-osx-x86_64 1.0.3 WARN
r-oldrel-windows-ix86+x86_64 1.0.3 12.00 6.00 18.00 ERROR
r-oldrel-osx-x86_64 1.0.3 WARN

Check Details

Version: 1.0.3
Check: whether package can be installed
Result: ERROR
    Installation failed.
Flavors: r-devel-windows-ix86+x86_64, r-release-windows-ix86+x86_64, r-oldrel-windows-ix86+x86_64

Version: 1.0.3
Check: package dependencies
Result: NOTE
    Package suggested but not available for checking: ‘BiocStyle’
Flavors: r-release-osx-x86_64, r-oldrel-osx-x86_64

Version: 1.0.3
Check: re-building of vignette outputs
Result: WARN
    Error in re-building vignettes:
     ...
    Warning in engine$weave(file, quiet = quiet, encoding = enc) :
     Pandoc (>= 1.12.3) and/or pandoc-citeproc not available. Falling back to R Markdown v1.
    Setting options('download.file.method.GEOquery'='auto')
    Setting options('GEOquery.inmemory.gpl'=FALSE)
    Quitting from lines 26-27 (MetaIntegrator.Rmd)
    Error: processing vignette 'MetaIntegrator.Rmd' failed with diagnostics:
    there is no package called 'BiocStyle'
    Execution halted
Flavors: r-release-osx-x86_64, r-oldrel-osx-x86_64