CRAN Package Check Results for Package MetaIntegrator

Last updated on 2018-08-21 16:50:30 CEST.

Flavor Version Tinstall Tcheck Ttotal Status Flags
r-devel-linux-x86_64-debian-clang 1.0.3 14.69 186.57 201.26 OK
r-devel-linux-x86_64-debian-gcc 1.0.3 11.18 142.91 154.09 OK
r-devel-linux-x86_64-fedora-clang 1.0.3 235.59 OK
r-devel-linux-x86_64-fedora-gcc 1.0.3 232.89 OK
r-devel-windows-ix86+x86_64 1.0.3 34.00 258.00 292.00 OK
r-patched-linux-x86_64 1.0.3 12.67 157.71 170.38 OK
r-patched-solaris-x86 1.0.3 293.50 OK
r-release-linux-x86_64 1.0.3 10.14 154.88 165.02 OK
r-release-windows-ix86+x86_64 1.0.3 10.00 6.00 16.00 OK
r-release-osx-x86_64 1.0.3 WARN
r-oldrel-windows-ix86+x86_64 1.0.3 17.00 227.00 244.00 ERROR
r-oldrel-osx-x86_64 1.0.3 WARN

Check Details

Version: 1.0.3
Check: package dependencies
Result: NOTE
    Package suggested but not available for checking: ‘BiocStyle’
Flavors: r-release-osx-x86_64, r-oldrel-osx-x86_64

Version: 1.0.3
Check: re-building of vignette outputs
Result: WARN
    Error in re-building vignettes:
     ...
    Warning in engine$weave(file, quiet = quiet, encoding = enc) :
     Pandoc (>= 1.12.3) and/or pandoc-citeproc not available. Falling back to R Markdown v1.
    Setting options('download.file.method.GEOquery'='auto')
    Setting options('GEOquery.inmemory.gpl'=FALSE)
    Quitting from lines 26-27 (MetaIntegrator.Rmd)
    Error: processing vignette 'MetaIntegrator.Rmd' failed with diagnostics:
    there is no package called 'BiocStyle'
    Execution halted
Flavors: r-release-osx-x86_64, r-oldrel-osx-x86_64

Version: 1.0.3
Check: whether package can be installed
Result: ERROR
    Installation failed.
Flavor: r-oldrel-windows-ix86+x86_64