CRAN Package Check Results for Package MetaLandSim

Last updated on 2018-08-19 09:48:10 CEST.

Flavor Version Tinstall Tcheck Ttotal Status Flags
r-devel-linux-x86_64-debian-clang 1.0.4 20.13 244.42 264.55 OK
r-devel-linux-x86_64-debian-gcc 1.0.4 17.41 193.39 210.80 OK
r-devel-linux-x86_64-fedora-clang 1.0.4 314.62 NOTE
r-devel-linux-x86_64-fedora-gcc 1.0.4 311.51 NOTE
r-devel-windows-ix86+x86_64 1.0.4 44.00 329.00 373.00 OK
r-patched-linux-x86_64 1.0.4 18.99 219.67 238.66 OK
r-patched-solaris-x86 1.0.4 469.00 NOTE
r-release-linux-x86_64 1.0.4 18.75 219.61 238.36 OK
r-release-windows-ix86+x86_64 1.0.4 40.00 352.00 392.00 OK
r-release-osx-x86_64 1.0.4 NOTE
r-oldrel-windows-ix86+x86_64 1.0.4 23.00 253.00 276.00 OK
r-oldrel-osx-x86_64 1.0.4 NOTE

Check Details

Version: 1.0.4
Check: dependencies in R code
Result: NOTE
    Namespace in Imports field not imported from: ‘knitr’
     All declared Imports should be used.
Flavors: r-devel-linux-x86_64-fedora-clang, r-devel-linux-x86_64-fedora-gcc, r-patched-solaris-x86, r-release-osx-x86_64, r-oldrel-osx-x86_64