CRAN Package Check Results for Package MetaLandSim

Last updated on 2018-05-26 10:49:24 CEST.

Flavor Version Tinstall Tcheck Ttotal Status Flags
r-devel-linux-x86_64-debian-clang 1.0.3 18.40 238.05 256.45 OK
r-devel-linux-x86_64-debian-gcc 1.0.3 16.37 186.42 202.79 OK
r-devel-linux-x86_64-fedora-clang 1.0.3 320.44 NOTE
r-devel-linux-x86_64-fedora-gcc 1.0.3 319.95 NOTE
r-devel-windows-ix86+x86_64 1.0.3 29.00 222.00 251.00 OK
r-patched-linux-x86_64 1.0.3 18.90 211.17 230.07 OK
r-patched-solaris-x86 1.0.3 449.00 NOTE
r-release-linux-x86_64 1.0.3 15.52 212.38 227.90 OK
r-release-windows-ix86+x86_64 1.0.3 40.00 289.00 329.00 OK
r-release-osx-x86_64 1.0.3 NOTE
r-oldrel-windows-ix86+x86_64 1.0.3 28.00 232.00 260.00 OK
r-oldrel-osx-x86_64 1.0.3 NOTE

Check Details

Version: 1.0.3
Check: dependencies in R code
Result: NOTE
    Namespace in Imports field not imported from: ‘knitr’
     All declared Imports should be used.
Flavors: r-devel-linux-x86_64-fedora-clang, r-devel-linux-x86_64-fedora-gcc, r-patched-solaris-x86, r-release-osx-x86_64, r-oldrel-osx-x86_64