CRAN Package Check Results for Package MetaLandSim

Last updated on 2018-11-21 10:50:47 CET.

Flavor Version Tinstall Tcheck Ttotal Status Flags
r-devel-linux-x86_64-debian-clang 1.0.5 20.28 239.82 260.10 OK
r-devel-linux-x86_64-debian-gcc 1.0.5 14.96 185.83 200.79 OK
r-devel-linux-x86_64-fedora-clang 1.0.5 306.70 NOTE
r-devel-linux-x86_64-fedora-gcc 1.0.5 305.01 NOTE
r-devel-windows-ix86+x86_64 1.0.5 40.00 375.00 415.00 OK
r-patched-linux-x86_64 1.0.5 21.17 226.60 247.77 OK
r-patched-solaris-x86 1.0.5 467.10 NOTE
r-release-linux-x86_64 1.0.5 17.74 229.80 247.54 OK
r-release-windows-ix86+x86_64 1.0.5 31.00 386.00 417.00 OK
r-release-osx-x86_64 1.0.5 NOTE
r-oldrel-windows-ix86+x86_64 1.0.5 30.00 406.00 436.00 OK
r-oldrel-osx-x86_64 1.0.5 NOTE

Check Details

Version: 1.0.5
Check: dependencies in R code
Result: NOTE
    Namespace in Imports field not imported from: ‘knitr’
     All declared Imports should be used.
Flavors: r-devel-linux-x86_64-fedora-clang, r-devel-linux-x86_64-fedora-gcc, r-patched-solaris-x86, r-release-osx-x86_64, r-oldrel-osx-x86_64