CRAN Package Check Results for Package MetaLandSim

Last updated on 2019-02-21 07:48:42 CET.

Flavor Version Tinstall Tcheck Ttotal Status Flags
r-devel-linux-x86_64-debian-clang 1.0.5 25.53 262.15 287.68 OK
r-devel-linux-x86_64-debian-gcc 1.0.5 19.40 203.08 222.48 OK
r-devel-linux-x86_64-fedora-clang 1.0.5 392.25 NOTE
r-devel-linux-x86_64-fedora-gcc 1.0.5 356.12 NOTE
r-devel-windows-ix86+x86_64 1.0.5 40.00 396.00 436.00 OK
r-patched-linux-x86_64 1.0.5 OK
r-patched-solaris-x86 1.0.5 500.30 NOTE
r-release-linux-x86_64 1.0.5 OK
r-release-windows-ix86+x86_64 1.0.5 28.00 326.00 354.00 OK
r-release-osx-x86_64 1.0.5 NOTE
r-oldrel-windows-ix86+x86_64 1.0.5 25.00 287.00 312.00 OK
r-oldrel-osx-x86_64 1.0.5 NOTE

Check Details

Version: 1.0.5
Check: dependencies in R code
Result: NOTE
    Namespace in Imports field not imported from: ‘knitr’
     All declared Imports should be used.
Flavors: r-devel-linux-x86_64-fedora-clang, r-devel-linux-x86_64-fedora-gcc, r-patched-solaris-x86, r-release-osx-x86_64, r-oldrel-osx-x86_64