CRAN Package Check Results for Package MetaNet

Last updated on 2024-06-13 02:59:04 CEST.

Flavor Version Tinstall Tcheck Ttotal Status Flags
r-devel-linux-x86_64-debian-clang 0.1.2 15.96 139.04 155.00 OK
r-devel-linux-x86_64-debian-gcc 0.1.2 0.47 1.87 2.34 ERROR
r-devel-linux-x86_64-fedora-clang 0.1.2 197.87 OK
r-devel-linux-x86_64-fedora-gcc 0.1.2 189.05 OK
r-devel-windows-x86_64 0.1.2 11.00 144.00 155.00 OK
r-patched-linux-x86_64 0.1.2 10.85 134.71 145.56 OK
r-release-linux-x86_64 0.1.2 7.91 133.77 141.68 OK
r-release-macos-arm64 0.1.2 58.00 OK
r-release-macos-x86_64 0.1.2 86.00 OK
r-release-windows-x86_64 0.1.2 13.00 130.00 143.00 OK
r-oldrel-macos-arm64 0.1.2 54.00 OK
r-oldrel-macos-x86_64 0.1.2 130.00 OK
r-oldrel-windows-x86_64 0.1.2 17.00 165.00 182.00 OK

Check Details

Version: 0.1.2
Check: package dependencies
Result: ERROR Packages required but not available: 'igraph', 'dplyr', 'ggplot2', 'ggnewscale', 'ggrepel', 'reshape2', 'tibble', 'pcutils' Packages suggested but not available for checking: 'stringr', 'Hmisc', 'ggraph', 'networkD3', 'ggpmisc', 'ggtree', 'treeio', 'ggpubr' See section ‘The DESCRIPTION file’ in the ‘Writing R Extensions’ manual. Flavor: r-devel-linux-x86_64-debian-gcc