Last updated on 2022-05-24 21:51:46 CEST.
Flavor | Version | Tinstall | Tcheck | Ttotal | Status | Flags |
---|---|---|---|---|---|---|
r-devel-linux-x86_64-debian-clang | 2.1.2 | 15.33 | 128.45 | 143.78 | OK | |
r-devel-linux-x86_64-debian-gcc | 2.1.2 | 11.19 | 95.26 | 106.45 | OK | |
r-devel-linux-x86_64-fedora-clang | 2.1.2 | 168.36 | NOTE | |||
r-devel-linux-x86_64-fedora-gcc | 2.1.2 | 165.36 | NOTE | |||
r-devel-windows-x86_64 | 2.1.2 | 35.00 | 140.00 | 175.00 | OK | |
r-patched-linux-x86_64 | 2.1.2 | 13.11 | 122.02 | 135.13 | OK | |
r-release-linux-x86_64 | 2.1.2 | OK | ||||
r-release-macos-arm64 | 2.1.2 | 40.00 | NOTE | |||
r-release-macos-x86_64 | 2.1.2 | 83.00 | NOTE | |||
r-release-windows-x86_64 | 2.1.2 | 44.00 | 134.00 | 178.00 | OK | |
r-oldrel-macos-arm64 | 2.1.2 | 41.00 | NOTE | |||
r-oldrel-macos-x86_64 | 2.1.2 | 61.00 | NOTE | |||
r-oldrel-windows-ix86+x86_64 | 2.1.2 | 30.00 | 136.00 | 166.00 | OK |
Version: 2.1.2
Check: dependencies in R code
Result: NOTE
Namespace in Imports field not imported from: ‘metadat’
All declared Imports should be used.
Flavors: r-devel-linux-x86_64-fedora-clang, r-devel-linux-x86_64-fedora-gcc, r-release-macos-arm64, r-release-macos-x86_64, r-oldrel-macos-arm64, r-oldrel-macos-x86_64