CRAN Package Check Results for Package MetamapsDB

Last updated on 2018-10-19 22:49:46 CEST.

Flavor Version Tinstall Tcheck Ttotal Status Flags
r-devel-linux-x86_64-debian-clang 0.0.2 26.74 332.45 359.19 OK
r-devel-linux-x86_64-debian-gcc 0.0.2 27.48 260.10 287.58 OK
r-devel-linux-x86_64-fedora-clang 0.0.2 440.50 NOTE
r-devel-linux-x86_64-fedora-gcc 0.0.2 429.55 NOTE
r-devel-windows-ix86+x86_64 0.0.2 67.00 392.00 459.00 OK
r-patched-linux-x86_64 0.0.2 17.20 262.18 279.38 OK
r-patched-solaris-x86 0.0.2 516.00 NOTE
r-release-linux-x86_64 0.0.2 25.39 259.80 285.19 OK
r-release-windows-ix86+x86_64 0.0.2 52.00 331.00 383.00 OK
r-release-osx-x86_64 0.0.2 ERROR
r-oldrel-windows-ix86+x86_64 0.0.2 35.00 324.00 359.00 OK
r-oldrel-osx-x86_64 0.0.2 NOTE

Check Details

Version: 0.0.2
Check: dependencies in R code
Result: NOTE
    Namespaces in Imports field not imported from:
     ‘Matrix’ ‘shiny’
     All declared Imports should be used.
Flavors: r-devel-linux-x86_64-fedora-clang, r-devel-linux-x86_64-fedora-gcc, r-patched-solaris-x86, r-oldrel-osx-x86_64

Version: 0.0.2
Check: package dependencies
Result: ERROR
    Package required but not available: ‘ShortRead’
    
    See section ‘The DESCRIPTION file’ in the ‘Writing R Extensions’
    manual.
Flavor: r-release-osx-x86_64