CRAN Package Check Results for Package MetamapsDB

Last updated on 2019-01-23 22:48:31 CET.

Flavor Version Tinstall Tcheck Ttotal Status Flags
r-devel-linux-x86_64-debian-clang 0.0.2 24.55 286.10 310.65 OK
r-devel-linux-x86_64-debian-gcc 0.0.2 20.82 221.21 242.03 OK
r-devel-linux-x86_64-fedora-clang 0.0.2 382.67 NOTE
r-devel-linux-x86_64-fedora-gcc 0.0.2 367.90 NOTE
r-devel-windows-ix86+x86_64 0.0.2 56.00 357.00 413.00 OK
r-patched-linux-x86_64 0.0.2 21.53 269.58 291.11 OK
r-patched-solaris-x86 0.0.2 521.10 NOTE
r-release-linux-x86_64 0.0.2 17.03 264.20 281.23 OK
r-release-windows-ix86+x86_64 0.0.2 34.00 314.00 348.00 OK
r-release-osx-x86_64 0.0.2 ERROR
r-oldrel-windows-ix86+x86_64 0.0.2 52.00 326.00 378.00 OK
r-oldrel-osx-x86_64 0.0.2 NOTE

Check Details

Version: 0.0.2
Check: dependencies in R code
Result: NOTE
    Namespaces in Imports field not imported from:
     ‘Matrix’ ‘shiny’
     All declared Imports should be used.
Flavors: r-devel-linux-x86_64-fedora-clang, r-devel-linux-x86_64-fedora-gcc, r-patched-solaris-x86, r-oldrel-osx-x86_64

Version: 0.0.2
Check: package dependencies
Result: ERROR
    Package required but not available: ‘ShortRead’
    
    See section ‘The DESCRIPTION file’ in the ‘Writing R Extensions’
    manual.
Flavor: r-release-osx-x86_64