CRAN Package Check Results for Package MicroDatosEs

Last updated on 2022-08-19 08:53:48 CEST.

Flavor Version Tinstall Tcheck Ttotal Status Flags
r-devel-linux-x86_64-debian-clang 0.8.2 3.96 42.45 46.41 NOTE
r-devel-linux-x86_64-debian-gcc 0.8.2 3.38 32.82 36.20 NOTE
r-devel-linux-x86_64-fedora-clang 0.8.2 67.05 NOTE
r-devel-linux-x86_64-fedora-gcc 0.8.2 63.83 NOTE
r-devel-windows-x86_64 0.8.2 21.00 71.00 92.00 NOTE
r-patched-linux-x86_64 0.8.2 4.69 40.71 45.40 NOTE
r-release-linux-x86_64 0.8.2 NOTE
r-release-macos-arm64 0.8.2 20.00 NOTE
r-release-macos-x86_64 0.8.2 35.00 NOTE
r-release-windows-x86_64 0.8.2 27.00 71.00 98.00 NOTE
r-oldrel-macos-arm64 0.8.2 31.00 NOTE
r-oldrel-macos-x86_64 0.8.2 38.00 NOTE
r-oldrel-windows-ix86+x86_64 0.8.2 10.00 66.00 76.00 NOTE

Check Details

Version: 0.8.2
Check: Rd files
Result: NOTE
    checkRd: (-1) ees2010.Rd:30: Escaped LaTeX specials: \~
Flavors: r-devel-linux-x86_64-debian-clang, r-devel-linux-x86_64-debian-gcc, r-devel-linux-x86_64-fedora-clang, r-devel-linux-x86_64-fedora-gcc, r-devel-windows-x86_64

Version: 0.8.2
Check: LazyData
Result: NOTE
     'LazyData' is specified without a 'data' directory
Flavors: r-devel-linux-x86_64-debian-clang, r-devel-linux-x86_64-debian-gcc, r-devel-linux-x86_64-fedora-clang, r-devel-linux-x86_64-fedora-gcc, r-devel-windows-x86_64, r-patched-linux-x86_64, r-release-linux-x86_64, r-release-macos-arm64, r-release-macos-x86_64, r-release-windows-x86_64, r-oldrel-macos-arm64, r-oldrel-macos-x86_64, r-oldrel-windows-ix86+x86_64