CRAN Package Check Results for Package MicrobiomeSurv

Last updated on 2024-03-04 02:59:24 CET.

Flavor Version Tinstall Tcheck Ttotal Status Flags
r-devel-linux-x86_64-debian-clang 0.1.0 6.22 101.79 108.01 OK
r-devel-linux-x86_64-debian-gcc 0.1.0 6.80 76.03 82.83 OK
r-devel-linux-x86_64-fedora-clang 0.1.0 133.74 OK
r-devel-linux-x86_64-fedora-gcc 0.1.0 146.84 OK
r-devel-windows-x86_64 0.1.0 10.00 109.00 119.00 OK
r-patched-linux-x86_64 0.1.0 10.83 98.70 109.53 OK
r-release-linux-x86_64 0.1.0 6.61 96.58 103.19 OK
r-release-macos-arm64 0.1.0 10.00 ERROR
r-release-macos-x86_64 0.1.0 6.00 ERROR
r-release-windows-x86_64 0.1.0 12.00 125.00 137.00 OK
r-oldrel-macos-arm64 0.1.0 9.00 ERROR
r-oldrel-windows-x86_64 0.1.0 13.00 122.00 135.00 OK

Check Details

Version: 0.1.0
Check: package dependencies
Result: ERROR Package required but not available: ‘microbiome’ See section ‘The DESCRIPTION file’ in the ‘Writing R Extensions’ manual. Flavors: r-release-macos-arm64, r-release-macos-x86_64, r-oldrel-macos-arm64