CRAN Package Check Results for Package MinBAR

Last updated on 2022-12-03 07:56:40 CET.

Flavor Version Tinstall Tcheck Ttotal Status Flags
r-devel-linux-x86_64-debian-clang 1.1.3 28.56 284.16 312.72 OK
r-devel-linux-x86_64-debian-gcc 1.1.3 23.54 211.84 235.38 OK
r-devel-linux-x86_64-fedora-clang 1.1.3 411.28 NOTE
r-devel-linux-x86_64-fedora-gcc 1.1.3 419.01 NOTE
r-devel-windows-x86_64 1.1.3 31.00 282.00 313.00 OK
r-patched-linux-x86_64 1.1.3 29.33 279.07 308.40 OK
r-release-linux-x86_64 1.1.3 21.86 287.43 309.29 OK
r-release-macos-arm64 1.1.3 78.00 NOTE
r-release-macos-x86_64 1.1.3 137.00 NOTE
r-release-windows-x86_64 1.1.3 33.00 293.00 326.00 OK
r-oldrel-macos-arm64 1.1.3 81.00 NOTE
r-oldrel-macos-x86_64 1.1.3 106.00 NOTE
r-oldrel-windows-ix86+x86_64 1.1.3 71.00 291.00 362.00 OK

Check Details

Version: 1.1.3
Check: dependencies in R code
Result: NOTE
    Namespace in Imports field not imported from: ‘rgdal’
     All declared Imports should be used.
Flavors: r-devel-linux-x86_64-fedora-clang, r-devel-linux-x86_64-fedora-gcc, r-release-macos-arm64, r-release-macos-x86_64, r-oldrel-macos-arm64, r-oldrel-macos-x86_64