CRAN Package Check Results for Package MixGHD

Last updated on 2019-01-23 08:49:11 CET.

Flavor Version Tinstall Tcheck Ttotal Status Flags
r-devel-linux-x86_64-debian-clang 2.2 18.58 83.08 101.66 NOTE
r-devel-linux-x86_64-debian-gcc 2.2 11.42 60.46 71.88 NOTE
r-devel-linux-x86_64-fedora-clang 2.2 120.59 NOTE
r-devel-linux-x86_64-fedora-gcc 2.2 109.99 NOTE
r-devel-windows-ix86+x86_64 2.2 43.00 181.00 224.00 NOTE
r-patched-linux-x86_64 2.2 16.37 77.71 94.08 NOTE
r-patched-solaris-x86 2.2 159.10 NOTE
r-release-linux-x86_64 2.2 15.03 78.27 93.30 NOTE
r-release-windows-ix86+x86_64 2.2 33.00 144.00 177.00 NOTE
r-release-osx-x86_64 2.2 NOTE
r-oldrel-windows-ix86+x86_64 2.2 36.00 180.00 216.00 NOTE
r-oldrel-osx-x86_64 2.2 NOTE

Check Details

Version: 2.2
Check: for GNU extensions in Makefiles
Result: NOTE
    GNU make is a SystemRequirements.
Flavors: r-devel-linux-x86_64-debian-clang, r-devel-linux-x86_64-debian-gcc, r-devel-linux-x86_64-fedora-clang, r-devel-linux-x86_64-fedora-gcc, r-devel-windows-ix86+x86_64, r-patched-linux-x86_64, r-patched-solaris-x86, r-release-linux-x86_64, r-release-windows-ix86+x86_64, r-release-osx-x86_64, r-oldrel-windows-ix86+x86_64, r-oldrel-osx-x86_64