CRAN Package Check Results for Package MixGHD

Last updated on 2018-10-17 07:51:04 CEST.

Flavor Version Tinstall Tcheck Ttotal Status Flags
r-devel-linux-x86_64-debian-clang 2.2 16.77 79.64 96.41 NOTE
r-devel-linux-x86_64-debian-gcc 2.2 13.66 59.46 73.12 NOTE
r-devel-linux-x86_64-fedora-clang 2.2 120.36 NOTE
r-devel-linux-x86_64-fedora-gcc 2.2 113.28 NOTE
r-devel-windows-ix86+x86_64 2.2 50.00 189.00 239.00 NOTE
r-patched-linux-x86_64 2.2 15.00 78.13 93.13 NOTE
r-patched-solaris-x86 2.2 155.90 NOTE
r-release-linux-x86_64 2.2 16.25 76.61 92.86 NOTE
r-release-windows-ix86+x86_64 2.2 34.00 185.00 219.00 NOTE
r-release-osx-x86_64 2.2 NOTE
r-oldrel-windows-ix86+x86_64 2.2 42.00 142.00 184.00 NOTE
r-oldrel-osx-x86_64 2.2 NOTE

Check Details

Version: 2.2
Check: for GNU extensions in Makefiles
Result: NOTE
    GNU make is a SystemRequirements.
Flavors: r-devel-linux-x86_64-debian-clang, r-devel-linux-x86_64-debian-gcc, r-devel-linux-x86_64-fedora-clang, r-devel-linux-x86_64-fedora-gcc, r-devel-windows-ix86+x86_64, r-patched-linux-x86_64, r-patched-solaris-x86, r-release-linux-x86_64, r-release-windows-ix86+x86_64, r-release-osx-x86_64, r-oldrel-windows-ix86+x86_64, r-oldrel-osx-x86_64