CRAN Package Check Results for Package MlBayesOpt

Last updated on 2018-05-22 13:46:38 CEST.

Flavor Version Tinstall Tcheck Ttotal Status Flags
r-devel-linux-x86_64-debian-clang 0.3.3 7.28 205.63 212.91 OK
r-devel-linux-x86_64-debian-gcc 0.3.3 7.21 150.25 157.46 OK
r-devel-linux-x86_64-fedora-clang 0.3.3 224.77 NOTE
r-devel-linux-x86_64-fedora-gcc 0.3.3 237.17 NOTE
r-devel-windows-ix86+x86_64 0.3.3 14.00 210.00 224.00 OK
r-patched-linux-x86_64 0.3.3 6.70 178.18 184.88 OK
r-patched-solaris-x86 0.3.3 345.80 NOTE
r-release-linux-x86_64 0.3.3 7.39 178.78 186.17 OK
r-release-windows-ix86+x86_64 0.3.3 17.00 187.00 204.00 OK
r-release-osx-x86_64 0.3.3 NOTE
r-oldrel-windows-ix86+x86_64 0.3.3 16.00 251.00 267.00 OK
r-oldrel-osx-x86_64 0.3.3 NOTE

Check Details

Version: 0.3.3
Check: dependencies in R code
Result: NOTE
    Namespaces in Imports field not imported from:
     ‘data.table’ ‘foreach’
     All declared Imports should be used.
Flavors: r-devel-linux-x86_64-fedora-clang, r-devel-linux-x86_64-fedora-gcc, r-patched-solaris-x86, r-release-osx-x86_64, r-oldrel-osx-x86_64