CRAN Package Check Results for Package MlBayesOpt

Last updated on 2019-02-15 20:46:56 CET.

Flavor Version Tinstall Tcheck Ttotal Status Flags
r-devel-linux-x86_64-debian-clang 0.3.3 7.60 222.61 230.21 OK
r-devel-linux-x86_64-debian-gcc 0.3.3 7.01 152.20 159.21 OK
r-devel-linux-x86_64-fedora-clang 0.3.3 226.07 NOTE
r-devel-linux-x86_64-fedora-gcc 0.3.3 218.03 NOTE
r-devel-windows-ix86+x86_64 0.3.3 18.00 372.00 390.00 OK
r-patched-linux-x86_64 0.3.3 7.49 181.50 188.99 OK
r-patched-solaris-x86 0.3.3 4.30 ERROR
r-release-linux-x86_64 0.3.3 8.61 182.53 191.14 OK
r-release-windows-ix86+x86_64 0.3.3 13.00 188.00 201.00 OK
r-release-osx-x86_64 0.3.3 NOTE
r-oldrel-windows-ix86+x86_64 0.3.3 20.00 328.00 348.00 OK
r-oldrel-osx-x86_64 0.3.3 NOTE

Check Details

Version: 0.3.3
Check: dependencies in R code
Result: NOTE
    Namespaces in Imports field not imported from:
     ‘data.table’ ‘foreach’
     All declared Imports should be used.
Flavors: r-devel-linux-x86_64-fedora-clang, r-devel-linux-x86_64-fedora-gcc, r-release-osx-x86_64, r-oldrel-osx-x86_64

Version: 0.3.3
Check: package dependencies
Result: ERROR
    Package required but not available: ‘xgboost’
    
    See section ‘The DESCRIPTION file’ in the ‘Writing R Extensions’
    manual.
Flavor: r-patched-solaris-x86