CRAN Package Check Results for Package MlBayesOpt

Last updated on 2018-08-21 06:50:13 CEST.

Flavor Version Tinstall Tcheck Ttotal Status Flags
r-devel-linux-x86_64-debian-clang 0.3.3 8.70 194.09 202.79 OK
r-devel-linux-x86_64-debian-gcc 0.3.3 7.52 159.22 166.74 OK
r-devel-linux-x86_64-fedora-clang 0.3.3 216.64 NOTE
r-devel-linux-x86_64-fedora-gcc 0.3.3 239.52 NOTE
r-devel-windows-ix86+x86_64 0.3.3 20.00 260.00 280.00 OK
r-patched-linux-x86_64 0.3.3 7.27 178.81 186.08 OK
r-patched-solaris-x86 0.3.3 359.00 NOTE
r-release-linux-x86_64 0.3.3 6.44 180.73 187.17 OK
r-release-windows-ix86+x86_64 0.3.3 18.00 197.00 215.00 OK
r-release-osx-x86_64 0.3.3 NOTE
r-oldrel-windows-ix86+x86_64 0.3.3 12.00 200.00 212.00 OK
r-oldrel-osx-x86_64 0.3.3 NOTE

Check Details

Version: 0.3.3
Check: dependencies in R code
Result: NOTE
    Namespaces in Imports field not imported from:
     ‘data.table’ ‘foreach’
     All declared Imports should be used.
Flavors: r-devel-linux-x86_64-fedora-clang, r-devel-linux-x86_64-fedora-gcc, r-patched-solaris-x86, r-release-osx-x86_64, r-oldrel-osx-x86_64