CRAN Package Check Results for Package MlBayesOpt

Last updated on 2018-11-15 04:50:13 CET.

Flavor Version Tinstall Tcheck Ttotal Status Flags
r-devel-linux-x86_64-debian-clang 0.3.3 7.69 195.17 202.86 OK
r-devel-linux-x86_64-debian-gcc 0.3.3 9.14 158.55 167.69 OK
r-devel-linux-x86_64-fedora-clang 0.3.3 219.46 NOTE
r-devel-linux-x86_64-fedora-gcc 0.3.3 234.18 NOTE
r-devel-windows-ix86+x86_64 0.3.3 12.00 208.00 220.00 OK
r-patched-linux-x86_64 0.3.3 7.85 180.58 188.43 OK
r-patched-solaris-x86 0.3.3 349.00 NOTE
r-release-linux-x86_64 0.3.3 7.03 181.60 188.63 OK
r-release-windows-ix86+x86_64 0.3.3 16.00 254.00 270.00 OK
r-release-osx-x86_64 0.3.3 NOTE
r-oldrel-windows-ix86+x86_64 0.3.3 17.00 263.00 280.00 OK
r-oldrel-osx-x86_64 0.3.3 NOTE

Check Details

Version: 0.3.3
Check: dependencies in R code
Result: NOTE
    Namespaces in Imports field not imported from:
     ‘data.table’ ‘foreach’
     All declared Imports should be used.
Flavors: r-devel-linux-x86_64-fedora-clang, r-devel-linux-x86_64-fedora-gcc, r-patched-solaris-x86, r-release-osx-x86_64, r-oldrel-osx-x86_64