CRAN Package Check Results for Package MlBayesOpt

Last updated on 2018-02-22 12:49:08 CET.

Flavor Version Tinstall Tcheck Ttotal Status Flags
r-devel-linux-x86_64-debian-clang 0.3.3 6.54 164.44 170.98 OK
r-devel-linux-x86_64-debian-gcc 0.3.3 5.59 152.50 158.09 OK
r-devel-linux-x86_64-fedora-clang 0.3.3 206.18 NOTE
r-devel-linux-x86_64-fedora-gcc 0.3.3 220.77 NOTE
r-devel-windows-ix86+x86_64 0.3.3 18.00 207.00 225.00 OK
r-patched-linux-x86_64 0.3.3 5.64 206.87 212.51 OK
r-patched-solaris-x86 0.3.3 335.90 NOTE
r-release-linux-x86_64 0.3.3 5.79 204.82 210.61 OK
r-release-windows-ix86+x86_64 0.3.3 18.00 257.00 275.00 OK
r-release-osx-x86_64 0.3.3 NOTE
r-oldrel-windows-ix86+x86_64 0.3.3 11.00 196.00 207.00 OK
r-oldrel-osx-x86_64 0.3.3 NOTE

Check Details

Version: 0.3.3
Check: dependencies in R code
Result: NOTE
    Namespaces in Imports field not imported from:
     ‘data.table’ ‘foreach’
     All declared Imports should be used.
Flavors: r-devel-linux-x86_64-fedora-clang, r-devel-linux-x86_64-fedora-gcc, r-patched-solaris-x86, r-release-osx-x86_64, r-oldrel-osx-x86_64