Last updated on 2021-04-17 01:50:01 CEST.
Flavor | Version | Tinstall | Tcheck | Ttotal | Status | Flags |
---|---|---|---|---|---|---|
r-devel-linux-x86_64-debian-clang | 2.8 | 281.41 | 182.79 | 464.20 | OK | |
r-devel-linux-x86_64-debian-gcc | 2.8 | 184.42 | 139.32 | 323.74 | OK | |
r-devel-linux-x86_64-fedora-clang | 2.8 | 626.55 | NOTE | |||
r-devel-linux-x86_64-fedora-gcc | 2.8 | 587.47 | OK | |||
r-devel-windows-ix86+x86_64 | 2.8 | 627.00 | 341.00 | 968.00 | NOTE | |
r-devel-windows-x86_64-gcc10-UCRT | 2.8 | OK | ||||
r-patched-linux-x86_64 | 2.8 | 218.76 | 167.75 | 386.51 | OK | |
r-patched-solaris-x86 | 2.8 | 571.30 | OK | |||
r-release-linux-x86_64 | 2.8 | 220.39 | 166.75 | 387.14 | OK | |
r-release-macos-x86_64 | 2.8 | NOTE | ||||
r-release-windows-ix86+x86_64 | 2.8 | 558.00 | 355.00 | 913.00 | NOTE | |
r-oldrel-macos-x86_64 | 2.8 | WARN | ||||
r-oldrel-windows-ix86+x86_64 | 2.8 | 415.00 | 254.00 | 669.00 | NOTE |
Version: 2.8
Check: installed package size
Result: NOTE
installed size is 13.1Mb
sub-directories of 1Mb or more:
data 2.0Mb
libs 9.5Mb
Flavors: r-devel-linux-x86_64-fedora-clang, r-devel-windows-ix86+x86_64, r-release-macos-x86_64, r-release-windows-ix86+x86_64, r-oldrel-macos-x86_64, r-oldrel-windows-ix86+x86_64
Version: 2.8
Check: whether package can be installed
Result: WARN
Found the following significant warnings:
Warning: 'rgl.init' failed, running with 'rgl.useNULL = TRUE'.
Flavor: r-oldrel-macos-x86_64