CRAN Package Check Results for Package MortalityLaws

Last updated on 2022-07-03 03:50:00 CEST.

Flavor Version Tinstall Tcheck Ttotal Status Flags
r-devel-linux-x86_64-debian-clang 1.9.3 9.33 117.07 126.40 ERROR
r-devel-linux-x86_64-debian-gcc 1.9.4 7.85 87.23 95.08 OK
r-devel-linux-x86_64-fedora-clang 1.9.4 156.78 OK
r-devel-linux-x86_64-fedora-gcc 1.9.4 155.85 OK
r-devel-windows-x86_64 1.9.4 52.00 168.00 220.00 OK
r-patched-linux-x86_64 1.9.4 14.65 143.29 157.94 OK
r-release-linux-x86_64 1.9.3 8.01 147.44 155.45 ERROR
r-release-macos-arm64 1.9.4 64.00 OK
r-release-macos-x86_64 1.9.3 97.00 OK
r-release-windows-x86_64 1.9.4 104.00 268.00 372.00 OK
r-oldrel-macos-arm64 1.9.4 61.00 OK
r-oldrel-macos-x86_64 1.9.3 66.00 OK
r-oldrel-windows-ix86+x86_64 1.9.3 20.00 240.00 260.00 ERROR

Check Details

Version: 1.9.3
Check: tests
Result: ERROR
     Running 'testthat.R' [36s/63s]
    Running the tests in 'tests/testthat.R' failed.
    Complete output:
     > # --------------------------------------------------- #
     > # Author: Marius D. Pascariu
     > # License: MIT
     > # Last update: Wed Jun 05 14:41:16 2019
     > # --------------------------------------------------- #
     >
     > library(testthat)
     > # expect_message(library(MortalityLaws))
     >
     > test_check("MortalityLaws")
     Loading required package: MortalityLaws
     [1] 1
     [1] 2
     [1] 3
     [1] 4
     [1] 5
     [1] 6
     [1] 7
     [1] 8
     [1] 9
     [1] 10
     [1] 11
     [1] 12
     [1] 13
     [1] 14
     [1] 15
     [1] 16
     M1: gompertz
     M2: gompertz0
     M3: invgompertz
     M4: makeham
     M5: makeham0
     M6: opperman
     M7: thiele
     M8: wittstein
     M9: perks
     M10: weibull
     M11: invweibull
     M12: vandermaen
     M13: vandermaen2
     M14: strehler_mildvan
     M15: quadratic
     M16: beard
     M17: beard_makeham
     M18: ggompertz
     M19: siler
     M20: HP
     M21: HP2
     M22: HP3
     M23: HP4
     M24: rogersplanck
     M25: martinelle
     M26: carriere1
     M27: carriere2
     M28: kostaki
     M29: kannisto
     M30: kannisto_makeham
     :Downloading AUS :Downloading Japan :Downloading Japan :Downloading Kyoto 1 Create mx_from_mx
     2 Create mx_from_qx
     3 Create mx_from_dx
     4 Create mx_from_lx
     5 Create qx_from_mx
     6 Create qx_from_qx
     7 Create qx_from_dx
     8 Create qx_from_lx
     9 Create dx_from_mx
     10 Create dx_from_qx
     11 Create dx_from_dx
     12 Create dx_from_lx
     13 Create lx_from_mx
     14 Create lx_from_qx
     15 Create lx_from_dx
     16 Create lx_from_lx
     17 Create Lx_from_mx
     18 Create Lx_from_qx
     19 Create Lx_from_dx
     20 Create Lx_from_lx
     21 Create Tx_from_mx
     22 Create Tx_from_qx
     23 Create Tx_from_dx
     24 Create Tx_from_lx
     25 Create ex_from_mx
     26 Create ex_from_qx
     27 Create ex_from_dx
     28 Create ex_from_lx
     [ FAIL 1 | WARN 1 | SKIP 0 | PASS 971 ]
    
     == Failed tests ================================================================
     -- Error (test_availableX.R:33:1): (code run outside of `test_that()`) ---------
     Error in ``[.data.frame`(L, L$fu22bar == 1, c("Country", "Subpop.Code",
     "ST_Per_LT_FY", "ST_Per_LT_EY"))`: undefined columns selected
     Backtrace:
     x
     1. \-MortalityLaws::availableHMD() at test_availableX.R:33:0
     2. +-...[]
     3. \-base::`[.data.frame`(...)
    
     [ FAIL 1 | WARN 1 | SKIP 0 | PASS 971 ]
     Error: Test failures
     Execution halted
Flavor: r-devel-linux-x86_64-debian-clang

Version: 1.9.3
Check: tests
Result: ERROR
     Running ‘testthat.R’ [69s/92s]
    Running the tests in ‘tests/testthat.R’ failed.
    Complete output:
     > # --------------------------------------------------- #
     > # Author: Marius D. Pascariu
     > # License: MIT
     > # Last update: Wed Jun 05 14:41:16 2019
     > # --------------------------------------------------- #
     >
     > library(testthat)
     > # expect_message(library(MortalityLaws))
     >
     > test_check("MortalityLaws")
     Loading required package: MortalityLaws
     [1] 1
     [1] 2
     [1] 3
     [1] 4
     [1] 5
     [1] 6
     [1] 7
     [1] 8
     [1] 9
     [1] 10
     [1] 11
     [1] 12
     [1] 13
     [1] 14
     [1] 15
     [1] 16
     M1: gompertz
     M2: gompertz0
     M3: invgompertz
     M4: makeham
     M5: makeham0
     M6: opperman
     M7: thiele
     M8: wittstein
     M9: perks
     M10: weibull
     M11: invweibull
     M12: vandermaen
     M13: vandermaen2
     M14: strehler_mildvan
     M15: quadratic
     M16: beard
     M17: beard_makeham
     M18: ggompertz
     M19: siler
     M20: HP
     M21: HP2
     M22: HP3
     M23: HP4
     M24: rogersplanck
     M25: martinelle
     M26: carriere1
     M27: carriere2
     M28: kostaki
     M29: kannisto
     M30: kannisto_makeham
     :Downloading AUS :Downloading Japan :Downloading Japan :Downloading Kyoto 1 Create mx_from_mx
     2 Create mx_from_qx
     3 Create mx_from_dx
     4 Create mx_from_lx
     5 Create qx_from_mx
     6 Create qx_from_qx
     7 Create qx_from_dx
     8 Create qx_from_lx
     9 Create dx_from_mx
     10 Create dx_from_qx
     11 Create dx_from_dx
     12 Create dx_from_lx
     13 Create lx_from_mx
     14 Create lx_from_qx
     15 Create lx_from_dx
     16 Create lx_from_lx
     17 Create Lx_from_mx
     18 Create Lx_from_qx
     19 Create Lx_from_dx
     20 Create Lx_from_lx
     21 Create Tx_from_mx
     22 Create Tx_from_qx
     23 Create Tx_from_dx
     24 Create Tx_from_lx
     25 Create ex_from_mx
     26 Create ex_from_qx
     27 Create ex_from_dx
     28 Create ex_from_lx
     [ FAIL 1 | WARN 1 | SKIP 0 | PASS 971 ]
    
     ══ Failed tests ════════════════════════════════════════════════════════════════
     ── Error (test_availableX.R:33:1): (code run outside of `test_that()`) ─────────
     Error in ``[.data.frame`(L, L$fu22bar == 1, c("Country", "Subpop.Code",
     "ST_Per_LT_FY", "ST_Per_LT_EY"))`: undefined columns selected
     Backtrace:
     ▆
     1. └─MortalityLaws::availableHMD() at test_availableX.R:33:0
     2. ├─...[]
     3. └─base::`[.data.frame`(...)
    
     [ FAIL 1 | WARN 1 | SKIP 0 | PASS 971 ]
     Error: Test failures
     Execution halted
Flavor: r-release-linux-x86_64

Version: 1.9.3
Check: tests
Result: ERROR
     Running 'testthat.R' [99s]
    Running the tests in 'tests/testthat.R' failed.
    Complete output:
     > # --------------------------------------------------- #
     > # Author: Marius D. Pascariu
     > # License: MIT
     > # Last update: Wed Jun 05 14:41:16 2019
     > # --------------------------------------------------- #
     >
     > library(testthat)
     > # expect_message(library(MortalityLaws))
     >
     > test_check("MortalityLaws")
     Loading required package: MortalityLaws
     [1] 1
     [1] 2
     [1] 3
     [1] 4
     [1] 5
     [1] 6
     [1] 7
     [1] 8
     [1] 9
     [1] 10
     [1] 11
     [1] 12
     [1] 13
     [1] 14
     [1] 15
     [1] 16
     M1: gompertz
     M2: gompertz0
     M3: invgompertz
     M4: makeham
     M5: makeham0
     M6: opperman
     M7: thiele
     M8: wittstein
     M9: perks
     M10: weibull
     M11: invweibull
     M12: vandermaen
     M13: vandermaen2
     M14: strehler_mildvan
     M15: quadratic
     M16: beard
     M17: beard_makeham
     M18: ggompertz
     M19: siler
     M20: HP
     M21: HP2
     M22: HP3
     M23: HP4
     M24: rogersplanck
     M25: martinelle
     M26: carriere1
     M27: carriere2
     M28: kostaki
     M29: kannisto
     M30: kannisto_makeham
     :Downloading AUS :Downloading Japan :Downloading Japan :Downloading Kyoto 1 Create mx_from_mx
     2 Create mx_from_qx
     3 Create mx_from_dx
     4 Create mx_from_lx
     5 Create qx_from_mx
     6 Create qx_from_qx
     7 Create qx_from_dx
     8 Create qx_from_lx
     9 Create dx_from_mx
     10 Create dx_from_qx
     11 Create dx_from_dx
     12 Create dx_from_lx
     13 Create lx_from_mx
     14 Create lx_from_qx
     15 Create lx_from_dx
     16 Create lx_from_lx
     17 Create Lx_from_mx
     18 Create Lx_from_qx
     19 Create Lx_from_dx
     20 Create Lx_from_lx
     21 Create Tx_from_mx
     22 Create Tx_from_qx
     23 Create Tx_from_dx
     24 Create Tx_from_lx
     25 Create ex_from_mx
     26 Create ex_from_qx
     27 Create ex_from_dx
     28 Create ex_from_lx
     [ FAIL 1 | WARN 1 | SKIP 0 | PASS 971 ]
    
     == Failed tests ================================================================
     -- Error (test_availableX.R:33:1): (code run outside of `test_that()`) ---------
     <SSL_CONNECT_ERROR/GenericCurlError/error/condition>
     Error in `function (type, msg, asError = TRUE)
     {
     if (!is.character(type)) {
     i = match(type, CURLcodeValues)
     typeName = if (is.na(i))
     character()
     else names(CURLcodeValues)[i]
     }
     typeName = gsub("^CURLE_", "", typeName)
     fun = (if (asError)
     stop
     else warning)
     fun(structure(list(message = msg, call = sys.call()), class = c(typeName,
     "GenericCurlError", "error", "condition")))
     }(35L, "Unknown SSL protocol error in connection to www.mortality.org:443 ",
     TRUE)`: Unknown SSL protocol error in connection to www.mortality.org:443
     Backtrace:
     x
     1. +-MortalityLaws::availableHMD() at test_availableX.R:33:0
     2. | \-RCurl::getURL(link)
     3. | \-RCurl::curlPerform(curl = curl, .opts = opts, .encoding = .encoding)
     4. \-RCurl `<fn>`(...)
    
     [ FAIL 1 | WARN 1 | SKIP 0 | PASS 971 ]
     Error: Test failures
     Execution halted
Flavor: r-oldrel-windows-ix86+x86_64