CRAN Package Check Results for Package MplusAutomation

Last updated on 2021-01-17 09:48:41 CET.

Flavor Version Tinstall Tcheck Ttotal Status Flags
r-devel-linux-x86_64-debian-clang 0.8 37.34 117.49 154.83 OK
r-devel-linux-x86_64-debian-gcc 0.8 31.72 91.28 123.00 OK
r-devel-linux-x86_64-fedora-clang 0.8 208.92 OK
r-devel-linux-x86_64-fedora-gcc 0.8 194.13 OK
r-devel-windows-ix86+x86_64 0.8 50.00 105.00 155.00 OK
r-patched-linux-x86_64 0.8 37.06 110.17 147.23 OK
r-patched-solaris-x86 0.8 244.00 OK
r-release-linux-x86_64 0.8 39.17 111.99 151.16 OK
r-release-macos-x86_64 0.8 OK
r-release-windows-ix86+x86_64 0.8 54.00 110.00 164.00 OK
r-oldrel-macos-x86_64 0.8 NOTE
r-oldrel-windows-ix86+x86_64 0.8 62.00 110.00 172.00 OK

Check Details

Version: 0.8
Check: dependencies in R code
Result: NOTE
    No protocol specified
    No protocol specified
Flavor: r-oldrel-macos-x86_64