CRAN Package Check Results for Package MuMIn

Last updated on 2019-09-24 08:50:54 CEST.

Flavor Version Tinstall Tcheck Ttotal Status Flags
r-devel-linux-x86_64-debian-clang 1.43.6 16.18 139.81 155.99 OK
r-devel-linux-x86_64-debian-gcc 1.43.6 13.67 108.89 122.56 OK
r-devel-linux-x86_64-fedora-clang 1.43.6 185.74 OK
r-devel-linux-x86_64-fedora-gcc 1.43.6 182.58 OK
r-devel-windows-ix86+x86_64 1.43.6 35.00 194.00 229.00 OK
r-patched-linux-x86_64 1.43.6 16.46 136.24 152.70 OK
r-patched-solaris-x86 1.43.6 277.10 NOTE
r-release-linux-x86_64 1.43.6 16.86 136.90 153.76 OK
r-release-windows-ix86+x86_64 1.43.6 35.00 195.00 230.00 OK
r-release-osx-x86_64 1.43.6 OK
r-oldrel-windows-ix86+x86_64 1.43.6 20.00 144.00 164.00 OK
r-oldrel-osx-x86_64 1.43.6 OK

Check Details

Version: 1.43.6
Check: Rd cross-references
Result: NOTE
    Package unavailable to check Rd xrefs: ‘RMark’
Flavor: r-patched-solaris-x86