CRAN Package Check Results for Package MullerPlot

Last updated on 2022-08-17 16:48:52 CEST.

Flavor Version Tinstall Tcheck Ttotal Status Flags
r-devel-linux-x86_64-debian-clang 0.1.3 2.22 30.53 32.75 NOTE
r-devel-linux-x86_64-debian-gcc 0.1.3 NOTE
r-devel-linux-x86_64-fedora-clang 0.1.3 51.34 NOTE
r-devel-linux-x86_64-fedora-gcc 0.1.3 52.55 NOTE
r-devel-windows-x86_64 0.1.3 12.00 58.00 70.00 NOTE
r-patched-linux-x86_64 0.1.3 2.62 30.20 32.82 OK
r-release-linux-x86_64 0.1.3 2.34 29.96 32.30 OK
r-release-macos-arm64 0.1.3 20.00 OK
r-release-macos-x86_64 0.1.3 37.00 OK
r-release-windows-x86_64 0.1.3 15.00 59.00 74.00 OK
r-oldrel-macos-arm64 0.1.3 22.00 OK
r-oldrel-macos-x86_64 0.1.3 33.00 OK
r-oldrel-windows-ix86+x86_64 0.1.3 6.00 56.00 62.00 OK

Check Details

Version: 0.1.3
Check: package subdirectories
Result: NOTE
    Problems with news in 'NEWS.md':
    No news entries found.
Flavors: r-devel-linux-x86_64-debian-clang, r-devel-linux-x86_64-debian-gcc, r-devel-linux-x86_64-fedora-clang, r-devel-linux-x86_64-fedora-gcc, r-devel-windows-x86_64