CRAN Package Check Results for Package MultiBD

Last updated on 2022-12-07 19:53:06 CET.

Flavor Version Tinstall Tcheck Ttotal Status Flags
r-devel-linux-x86_64-debian-clang 0.2.0 111.26 150.07 261.33 OK
r-devel-linux-x86_64-debian-gcc 0.2.0 80.29 109.96 190.25 OK
r-devel-linux-x86_64-fedora-clang 0.2.0 366.48 NOTE
r-devel-linux-x86_64-fedora-gcc 0.2.0 361.93 NOTE
r-devel-windows-x86_64 0.2.0 123.00 197.00 320.00 OK
r-patched-linux-x86_64 0.2.0 88.77 159.59 248.36 OK
r-release-linux-x86_64 0.2.0 86.63 155.27 241.90 OK
r-release-macos-arm64 0.2.0 71.00 NOTE
r-release-macos-x86_64 0.2.0 96.00 NOTE
r-release-windows-x86_64 0.2.0 112.00 182.00 294.00 OK
r-oldrel-macos-arm64 0.2.0 102.00 NOTE
r-oldrel-macos-x86_64 0.2.0 155.00 NOTE
r-oldrel-windows-ix86+x86_64 0.2.0 274.00 194.00 468.00 OK

Check Details

Version: 0.2.0
Check: compiled code
Result: NOTE
    File ‘MultiBD/libs/MultiBD.so’:
     Found no calls to: ‘R_registerRoutines’, ‘R_useDynamicSymbols’
    
    It is good practice to register native routines and to disable symbol
    search.
    
    See ‘Writing portable packages’ in the ‘Writing R Extensions’ manual.
Flavors: r-devel-linux-x86_64-fedora-clang, r-devel-linux-x86_64-fedora-gcc

Version: 0.2.0
Check: installed package size
Result: NOTE
     installed size is 6.4Mb
     sub-directories of 1Mb or more:
     libs 4.8Mb
Flavors: r-release-macos-arm64, r-release-macos-x86_64, r-oldrel-macos-arm64, r-oldrel-macos-x86_64